{"id":2223,"date":"2020-10-15T11:38:59","date_gmt":"2020-10-15T09:38:59","guid":{"rendered":"https:\/\/www.intra-esavl.be\/?page_id=2223"},"modified":"2021-01-11T13:14:28","modified_gmt":"2021-01-11T12:14:28","slug":"tilman-2","status":"publish","type":"page","link":"https:\/\/www.intra-esavl.be\/index.php\/covid-19-2\/cours-generaux-1er-quadri\/tilman-2\/","title":{"rendered":"Tilman"},"content":{"rendered":"<p>Contact :\u00a0<a href=\"mailto:s.tilman@intra-esavl.be\">s.tilman@intra-esavl.be<\/a><\/p>\n<hr \/>\n<p><strong>Support 1er quadrimestre : Dramaturgie (prot\u00e9g\u00e9 par mot de passe-voir professeur) :<br \/>\n<\/strong><\/p>\n<hr \/>\n<ul>\n<li><strong>1\u00e8re Bachelier : Sc\u00e9nographie<\/strong><\/li>\n<\/ul>\n<ol>\n<li><a href=\"https:\/\/www.intra-esavl.be\/wp-content\/uploads\/2020\/10\/DRAMA-B1.pdf\" target=\"_blank\" rel=\"noopener noreferrer\">Support \u00e9crit PDF<\/a><\/li>\n<li><a href=\"https:\/\/www.intra-esavl.be\/wp-content\/uploads\/2020\/10\/DRAMA1B-extrait-1-Laction-dramatique-M.-Pruner-LAnalyse-du-texte-de-th\u00e9\u00e2tre-Paris-2001.pdf\" target=\"_blank\" rel=\"noopener noreferrer\">Extrait 1 : L&rsquo;action dramatique (M. Pruner L&rsquo;Analyse du texte de th\u00e9\u00e2tre Paris 2001)<\/a><\/li>\n<li><a href=\"https:\/\/www.intra-esavl.be\/wp-content\/uploads\/2020\/10\/DRAMA1B-extrait-2-Consid\u00e9rations-sur-lespace-et-le-temps-dramatiques.pdf\" target=\"_blank\" rel=\"noopener noreferrer\">Extrait 2 : Consid\u00e9rations sur l&rsquo;espace et le temps dramatiques<\/a><\/li>\n<li><a href=\"https:\/\/www.intra-esavl.be\/wp-content\/uploads\/2020\/10\/DRAMA1B-Intro-\u00e0-la-dramaturgie-\u00e9tapes-fondamentales.pdf\" target=\"_blank\" rel=\"noopener noreferrer\">Intro \u00e0 la dramaturgie &#8211; \u00e9tapes fondamentales<\/a><\/li>\n<\/ol>\n<ul>\n<li><strong>2\u00e8me Bachelier : Sc\u00e9nographie<\/strong><\/li>\n<\/ul>\n<ol>\n<li><a href=\"https:\/\/www.intra-esavl.be\/wp-content\/uploads\/2020\/10\/DRAMA-B2.pdf\" target=\"_blank\" rel=\"noopener noreferrer\">Support \u00e9crit PDF<\/a><\/li>\n<li><a href=\"https:\/\/www.intra-esavl.be\/wp-content\/uploads\/2020\/10\/DRAMA-2B-Support-images-1-Le-th\u00e9\u00e2tre-de-M.-de-Ghelderode-Illustrations.pdf\" target=\"_blank\" rel=\"noopener noreferrer\">Support images 1- Le th\u00e9\u00e2tre de M. de Ghelderode- Illustrations<\/a><\/li>\n<li><a href=\"https:\/\/www.intra-esavl.be\/wp-content\/uploads\/2020\/10\/DRAMA-2B-Support-th\u00e9orique-1-Marionnettes-masques-et-objets-inanim\u00e9s-dans-le-th\u00e9\u00e2tre-de-Ghelderode.pdf\" target=\"_blank\" rel=\"noopener noreferrer\">Support th\u00e9orique 1- Marionnettes, masques et objets inanim\u00e9s dans le th\u00e9\u00e2tre de Ghelderode<\/a><\/li>\n<li><a href=\"https:\/\/www.intra-esavl.be\/wp-content\/uploads\/2020\/10\/DRAMA-2B-Support-th\u00e9orique-2-Costumes-et-maquillage-dans-le-th\u00e9\u00e2tre-de-Ghelderode.pdf\" target=\"_blank\" rel=\"noopener noreferrer\">Support th\u00e9orique 2 &#8211; Costumes et maquillage dans le th\u00e9\u00e2tre de Ghelderode<\/a><\/li>\n<li><a href=\"https:\/\/www.intra-esavl.be\/wp-content\/uploads\/2020\/10\/DRAMA-2B-Support-th\u00e9orique-3-M.-de-Ghelderode-lexil\u00e9-de-Flandre.pdf\" target=\"_blank\" rel=\"noopener noreferrer\">Support th\u00e9orique 3 &#8211; M. de Ghelderode l&rsquo;exil\u00e9 de Flandre<\/a><\/li>\n<\/ol>\n<ul>\n<li><strong>3\u00e8me Bachelier : Sc\u00e9nographie<\/strong><\/li>\n<\/ul>\n<ol>\n<li><a href=\"https:\/\/www.intra-esavl.be\/wp-content\/uploads\/2020\/10\/DRAMA-B3.pdf\" target=\"_blank\" rel=\"noopener noreferrer\">Support \u00e9crit PDF<\/a><\/li>\n<li><a href=\"https:\/\/www.intra-esavl.be\/wp-content\/uploads\/2020\/10\/DRAMA-3B-MALLARMEUn-coup-de-d\u00e9s-jamais-nabolira-le-hasard.pdf\" target=\"_blank\" rel=\"noopener noreferrer\">MALLARME &#8211; Un coup de d\u00e9s jamais n&rsquo;abolira le hasard<\/a><\/li>\n<\/ol>\n<hr \/>\n<p><strong>Support 1er quadrimestre : Litt\u00e9rature (prot\u00e9g\u00e9 par mot de passe-voir professeur) :<br \/>\n<\/strong><\/p>\n<ul>\n<li><strong>2\u00e8me Bachelier : Publicit\u00e9\/Illustration\/Bande Dessin\u00e9e\/Gravure\/Vid\u00e9ographie<\/strong><\/li>\n<\/ul>\n<ol>\n<li><a href=\"https:\/\/www.intra-esavl.be\/wp-content\/uploads\/2020\/10\/lectures-2020-21-1.pdf\" target=\"_blank\" rel=\"noopener noreferrer\">Lectures 2020-21<\/a><\/li>\n<li><a href=\"https:\/\/www.intra-esavl.be\/wp-content\/uploads\/2020\/10\/Litt\u00e9rature-g\u00e9n\u00e9rale-Plan-du-cours-1.pdf\" target=\"_blank\" rel=\"noopener noreferrer\">Litt\u00e9rature g\u00e9n\u00e9rale &#8211; Plan du cours<\/a><\/li>\n<\/ol>\n<hr \/>\n<p><strong>Support 1er quadrimestre :<\/strong> <strong>H.A.A.\/Costume (prot\u00e9g\u00e9 par mot de passe-voir professeur) :<br \/>\n<\/strong><\/p>\n<hr \/>\n<ul>\n<li><strong>1\u00e8re Bachelier : Sc\u00e9nographie<\/strong><\/li>\n<\/ul>\n<ol>\n<li><a href=\"https:\/\/www.intra-esavl.be\/wp-content\/uploads\/2020\/10\/HAA-COSTUME-B1.pdf\" target=\"_blank\" rel=\"noopener noreferrer\">Support \u00e9crit PDF<\/a><\/li>\n<li><a href=\"https:\/\/www.intra-esavl.be\/wp-content\/uploads\/2020\/10\/COSTUME-1B-Evolution-du-costume-Antiquit\u00e9-\u00e9gyptienne.pdf\" target=\"_blank\" rel=\"noopener noreferrer\">Evolution du costume &#8211; Antiquit\u00e9 \u00e9gyptienne<\/a><\/li>\n<li><a href=\"https:\/\/www.intra-esavl.be\/wp-content\/uploads\/2020\/10\/COSTUME-1B-Origine-des-pigments-textiles-et-motifs-antiques.pdf\" target=\"_blank\" rel=\"noopener noreferrer\">Origine des pigments, textiles et motifs antiques<\/a><\/li>\n<li><a href=\"https:\/\/www.intra-esavl.be\/wp-content\/uploads\/2020\/10\/COSTUME-1B-Sc\u00e9nographies-mises-en-sc\u00e8ne-et-costumes-Egypte-antique.pdf\" target=\"_blank\" rel=\"noopener noreferrer\">Sc\u00e9nographies mises en sc\u00e8ne et costumes &#8211; Egypte antique<\/a><\/li>\n<\/ol>\n","protected":false},"excerpt":{"rendered":"<p>Contact :\u00a0s.tilman@intra-esavl.be Support 1er quadrimestre : Dramaturgie (prot\u00e9g\u00e9 par mot de passe-voir professeur) : 1\u00e8re Bachelier : Sc\u00e9nographie Support \u00e9crit PDF Extrait 1 : L&rsquo;action dramatique (M. Pruner L&rsquo;Analyse du &#8230;<\/p>\n","protected":false},"author":1,"featured_media":0,"parent":2179,"menu_order":0,"comment_status":"closed","ping_status":"closed","template":"","meta":{"footnotes":""},"class_list":["post-2223","page","type-page","status-publish","hentry"],"_links":{"self":[{"href":"https:\/\/www.intra-esavl.be\/index.php\/wp-json\/wp\/v2\/pages\/2223","targetHints":{"allow":["GET"]}}],"collection":[{"href":"https:\/\/www.intra-esavl.be\/index.php\/wp-json\/wp\/v2\/pages"}],"about":[{"href":"https:\/\/www.intra-esavl.be\/index.php\/wp-json\/wp\/v2\/types\/page"}],"author":[{"embeddable":true,"href":"https:\/\/www.intra-esavl.be\/index.php\/wp-json\/wp\/v2\/users\/1"}],"replies":[{"embeddable":true,"href":"https:\/\/www.intra-esavl.be\/index.php\/wp-json\/wp\/v2\/comments?post=2223"}],"version-history":[{"count":23,"href":"https:\/\/www.intra-esavl.be\/index.php\/wp-json\/wp\/v2\/pages\/2223\/revisions"}],"predecessor-version":[{"id":2672,"href":"https:\/\/www.intra-esavl.be\/index.php\/wp-json\/wp\/v2\/pages\/2223\/revisions\/2672"}],"up":[{"embeddable":true,"href":"https:\/\/www.intra-esavl.be\/index.php\/wp-json\/wp\/v2\/pages\/2179"}],"wp:attachment":[{"href":"https:\/\/www.intra-esavl.be\/index.php\/wp-json\/wp\/v2\/media?parent=2223"}],"curies":[{"name":"wp","href":"https:\/\/api.w.org\/{rel}","templated":true}]}}

<p>Contact : <a href="mailto:s.tilman@intra-esavl.be">s.tilman@intra-esavl.be</a></p>
<hr />
<p><strong>Support 1er quadrimestre : Dramaturgie (protégé par mot de passe-voir professeur) :<br />
</strong></p>
<hr />
<ul>
<li><strong>1ère Bachelier : Scénographie</strong></li>
</ul>
<ol>
<li><a href="https://www.intra-esavl.be/wp-content/uploads/2020/10/DRAMA-B1.pdf" target="_blank" rel="noopener noreferrer">Support écrit PDF</a></li>
<li><a href="https://www.intra-esavl.be/wp-content/uploads/2020/10/DRAMA1B-extrait-1-Laction-dramatique-M.-Pruner-LAnalyse-du-texte-de-théâtre-Paris-2001.pdf" target="_blank" rel="noopener noreferrer">Extrait 1 : L&rsquo;action dramatique (M. Pruner L&rsquo;Analyse du texte de théâtre Paris 2001)</a></li>
<li><a href="https://www.intra-esavl.be/wp-content/uploads/2020/10/DRAMA1B-extrait-2-Considérations-sur-lespace-et-le-temps-dramatiques.pdf" target="_blank" rel="noopener noreferrer">Extrait 2 : Considérations sur l&rsquo;espace et le temps dramatiques</a></li>
<li><a href="https://www.intra-esavl.be/wp-content/uploads/2020/10/DRAMA1B-Intro-à-la-dramaturgie-étapes-fondamentales.pdf" target="_blank" rel="noopener noreferrer">Intro à la dramaturgie &#8211; étapes fondamentales</a></li>
</ol>
<ul>
<li><strong>2ème Bachelier : Scénographie</strong></li>
</ul>
<ol>
<li><a href="https://www.intra-esavl.be/wp-content/uploads/2020/10/DRAMA-B2.pdf" target="_blank" rel="noopener noreferrer">Support écrit PDF</a></li>
<li><a href="https://www.intra-esavl.be/wp-content/uploads/2020/10/DRAMA-2B-Support-images-1-Le-théâtre-de-M.-de-Ghelderode-Illustrations.pdf" target="_blank" rel="noopener noreferrer">Support images 1- Le théâtre de M. de Ghelderode- Illustrations</a></li>
<li><a href="https://www.intra-esavl.be/wp-content/uploads/2020/10/DRAMA-2B-Support-théorique-1-Marionnettes-masques-et-objets-inanimés-dans-le-théâtre-de-Ghelderode.pdf" target="_blank" rel="noopener noreferrer">Support théorique 1- Marionnettes, masques et objets inanimés dans le théâtre de Ghelderode</a></li>
<li><a href="https://www.intra-esavl.be/wp-content/uploads/2020/10/DRAMA-2B-Support-théorique-2-Costumes-et-maquillage-dans-le-théâtre-de-Ghelderode.pdf" target="_blank" rel="noopener noreferrer">Support théorique 2 &#8211; Costumes et maquillage dans le théâtre de Ghelderode</a></li>
<li><a href="https://www.intra-esavl.be/wp-content/uploads/2020/10/DRAMA-2B-Support-théorique-3-M.-de-Ghelderode-lexilé-de-Flandre.pdf" target="_blank" rel="noopener noreferrer">Support théorique 3 &#8211; M. de Ghelderode l&rsquo;exilé de Flandre</a></li>
</ol>
<ul>
<li><strong>3ème Bachelier : Scénographie</strong></li>
</ul>
<ol>
<li><a href="https://www.intra-esavl.be/wp-content/uploads/2020/10/DRAMA-B3.pdf" target="_blank" rel="noopener noreferrer">Support écrit PDF</a></li>
<li><a href="https://www.intra-esavl.be/wp-content/uploads/2020/10/DRAMA-3B-MALLARMEUn-coup-de-dés-jamais-nabolira-le-hasard.pdf" target="_blank" rel="noopener noreferrer">MALLARME &#8211; Un coup de dés jamais n&rsquo;abolira le hasard</a></li>
</ol>
<hr />
<p><strong>Support 1er quadrimestre : Littérature (protégé par mot de passe-voir professeur) :<br />
</strong></p>
<ul>
<li><strong>2ème Bachelier : Publicité/Illustration/Bande Dessinée/Gravure/Vidéographie</strong></li>
</ul>
<ol>
<li><a href="https://www.intra-esavl.be/wp-content/uploads/2020/10/lectures-2020-21-1.pdf" target="_blank" rel="noopener noreferrer">Lectures 2020-21</a></li>
<li><a href="https://www.intra-esavl.be/wp-content/uploads/2020/10/Littérature-générale-Plan-du-cours-1.pdf" target="_blank" rel="noopener noreferrer">Littérature générale &#8211; Plan du cours</a></li>
</ol>
<hr />
<p><strong>Support 1er quadrimestre :</strong> <strong>H.A.A./Costume (protégé par mot de passe-voir professeur) :<br />
</strong></p>
<hr />
<ul>
<li><strong>1ère Bachelier : Scénographie</strong></li>
</ul>
<ol>
<li><a href="https://www.intra-esavl.be/wp-content/uploads/2020/10/HAA-COSTUME-B1.pdf" target="_blank" rel="noopener noreferrer">Support écrit PDF</a></li>
<li><a href="https://www.intra-esavl.be/wp-content/uploads/2020/10/COSTUME-1B-Evolution-du-costume-Antiquité-égyptienne.pdf" target="_blank" rel="noopener noreferrer">Evolution du costume &#8211; Antiquité égyptienne</a></li>
<li><a href="https://www.intra-esavl.be/wp-content/uploads/2020/10/COSTUME-1B-Origine-des-pigments-textiles-et-motifs-antiques.pdf" target="_blank" rel="noopener noreferrer">Origine des pigments, textiles et motifs antiques</a></li>
<li><a href="https://www.intra-esavl.be/wp-content/uploads/2020/10/COSTUME-1B-Scénographies-mises-en-scène-et-costumes-Egypte-antique.pdf" target="_blank" rel="noopener noreferrer">Scénographies mises en scène et costumes &#8211; Egypte antique</a></li>
</ol>

<p>Contact : s.tilman@intra-esavl.be Support 1er quadrimestre : Dramaturgie (protégé par mot de passe-voir professeur) : 1ère Bachelier : Scénographie Support écrit PDF Extrait 1 : L&rsquo;action dramatique (M. Pruner L&rsquo;Analyse du &#8230;</p>
