{"id":2486,"date":"2020-10-22T09:56:53","date_gmt":"2020-10-22T07:56:53","guid":{"rendered":"https:\/\/www.intra-esavl.be\/?page_id=2486"},"modified":"2021-03-08T13:32:45","modified_gmt":"2021-03-08T12:32:45","slug":"modalites-generales-des-cours","status":"publish","type":"page","link":"https:\/\/www.intra-esavl.be\/index.php\/covid-19-2\/modalites-generales-des-cours\/","title":{"rendered":"Modalit\u00e9s g\u00e9n\u00e9rales des cours"},"content":{"rendered":"<h4><strong>Modalit\u00e9s g\u00e9n\u00e9rales des cours<\/strong><\/h4>\n<p>Vous trouverez sur cette page les modalit\u00e9s g\u00e9n\u00e9rales d&rsquo;enseignement. Les modalit\u00e9s sp\u00e9cifiques \u00e0 vos cours vous seront envoy\u00e9es par vos professeurs respectifs pour ce lundi 26 octobre 2020 au plus tard.<\/p>\n<p>Pour t\u00e9l\u00e9charger le fichier, cliquez sur <a href=\"https:\/\/www.intra-esavl.be\/wp-content\/uploads\/2020\/10\/MODALITES-ENSEIGNEMENT-2.pdf\" target=\"_blank\" rel=\"noopener noreferrer\">ce lien.<\/a><\/p>\n<hr \/>\n<p>&nbsp;<\/p>\n<p>&nbsp;<\/p>\n","protected":false},"excerpt":{"rendered":"<p>Modalit\u00e9s g\u00e9n\u00e9rales des cours Vous trouverez sur cette page les modalit\u00e9s g\u00e9n\u00e9rales d&rsquo;enseignement. Les modalit\u00e9s sp\u00e9cifiques \u00e0 vos cours vous seront envoy\u00e9es par vos professeurs respectifs pour ce lundi 26 &#8230;<\/p>\n","protected":false},"author":1,"featured_media":0,"parent":2173,"menu_order":0,"comment_status":"closed","ping_status":"closed","template":"","meta":{"footnotes":""},"class_list":["post-2486","page","type-page","status-publish","hentry"],"_links":{"self":[{"href":"https:\/\/www.intra-esavl.be\/index.php\/wp-json\/wp\/v2\/pages\/2486","targetHints":{"allow":["GET"]}}],"collection":[{"href":"https:\/\/www.intra-esavl.be\/index.php\/wp-json\/wp\/v2\/pages"}],"about":[{"href":"https:\/\/www.intra-esavl.be\/index.php\/wp-json\/wp\/v2\/types\/page"}],"author":[{"embeddable":true,"href":"https:\/\/www.intra-esavl.be\/index.php\/wp-json\/wp\/v2\/users\/1"}],"replies":[{"embeddable":true,"href":"https:\/\/www.intra-esavl.be\/index.php\/wp-json\/wp\/v2\/comments?post=2486"}],"version-history":[{"count":7,"href":"https:\/\/www.intra-esavl.be\/index.php\/wp-json\/wp\/v2\/pages\/2486\/revisions"}],"predecessor-version":[{"id":3208,"href":"https:\/\/www.intra-esavl.be\/index.php\/wp-json\/wp\/v2\/pages\/2486\/revisions\/3208"}],"up":[{"embeddable":true,"href":"https:\/\/www.intra-esavl.be\/index.php\/wp-json\/wp\/v2\/pages\/2173"}],"wp:attachment":[{"href":"https:\/\/www.intra-esavl.be\/index.php\/wp-json\/wp\/v2\/media?parent=2486"}],"curies":[{"name":"wp","href":"https:\/\/api.w.org\/{rel}","templated":true}]}}