{"id":260,"date":"2019-03-18T15:28:25","date_gmt":"2019-03-18T14:28:25","guid":{"rendered":"http:\/\/intra-esavl.be\/?page_id=260"},"modified":"2024-09-11T11:59:32","modified_gmt":"2024-09-11T09:59:32","slug":"conseil-des-etudiants","status":"publish","type":"page","link":"https:\/\/www.intra-esavl.be\/index.php\/nos-differents-services\/conseil-des-etudiants\/","title":{"rendered":"Conseil des Etudiants"},"content":{"rendered":"<h2><span style=\"color: #ffc900;\">Conseil des Etudiants<\/span><\/h2>\n<hr \/>\n<div id=\"SITE_PAGES\">\n<div id=\"SITE_PAGES_TRANSITION_GROUP\" class=\"_2YGAo\">\n<div id=\"e95h2\" class=\"Ry26q\">\n<div class=\"_3K7uv\">\n<div id=\"Containere95h2\" class=\"_1KV2M\">\n<div class=\"\" data-mesh-id=\"Containere95h2inlineContent\" data-testid=\"inline-content\">\n<div data-mesh-id=\"Containere95h2inlineContent-gridContainer\" data-testid=\"mesh-container-content\">\n<div id=\"comp-kz2n3985\" class=\"_2Hij5\" data-testid=\"richTextElement\">\n<h4 class=\"font_8\">Le Conseil des \u00e9tudiants est un des quatre organes de d\u00e9cision des Beaux-Arts de Li\u00e8ge.<\/h4>\n<h4 class=\"font_8\">Le Conseil des \u00e9tudiants est un organe autonome qui repr\u00e9sente l\u2019ensemble des \u00e9tudiants des Beaux-Arts de Li\u00e8ge. Il \u0153uvre dans l\u2019int\u00e9r\u00eat collectif des \u00e9tudiants quant \u00e0 l\u2019enseignement, la p\u00e9dagogie et la gestion de l\u2019\u00e9tablissement.<\/h4>\n<h4 class=\"font_8\">Ces membres repr\u00e9sentent le Conseil des \u00e9tudiants dans les trois autres organes de gestion des Beaux-Arts de Li\u00e8ge : le Conseil gestion p\u00e9dagogique, le Conseil d\u2019Options et le Conseil social.<\/h4>\n<h4 class=\"font_8\">Telles que le d\u00e9fini le D\u00e9cret Enseignement sup\u00e9rieur artistique (2001), les missions du Conseil des \u00e9tudiants sont :<\/h4>\n<h4 class=\"font_8\">\u2022 repr\u00e9senter les \u00e9tudiants des Beaux-Arts de Li\u00e8ge ;<\/h4>\n<h4 class=\"font_8\">\u2022 d\u00e9fendre et promouvoir leurs int\u00e9r\u00eats en mati\u00e8re d\u2019enseignement, de p\u00e9dagogie et de gestion de l\u2019\u00e9tablissement ;<\/h4>\n<h4 class=\"font_8\">\u2022 stimuler la participation active des \u00e9tudiants et les initier \u00e0 l\u2019exercice de la citoyennet\u00e9 au sein de leur \u00e9cole et dans la soci\u00e9t\u00e9 tout enti\u00e8re ;<\/h4>\n<h4 class=\"font_8\">\u2022 faire circuler l\u2019information entre les \u00e9tudiants, le Pouvoir Organisateur et la direction de l\u2019\u00e9cole ;<\/h4>\n<h4 class=\"font_8\">\u2022 d\u00e9signer les repr\u00e9sentants des \u00e9tudiants au Conseil de gestion p\u00e9dagogique et au Conseil social, ainsi que tout autre conseil ou commission auxquels sont invit\u00e9s \u00e0 participer les repr\u00e9sentants \u00e9tudiants ;<\/h4>\n<h4 class=\"font_8\">\u2022 encourager\u00a0 les\u00a0 \u00e9tudiants \u00e0 organiser diff\u00e9rentes activit\u00e9s destin\u00e9es \u00e0 dynamiser leur cursus scolaire et de valoriser leur travail et sa diffusion, et ce, gr\u00e2ce \u00e0 des expositions, des activit\u00e9s diverses et autres concours internes.<\/h4>\n<\/div>\n<\/div>\n<\/div>\n<\/div>\n<\/div>\n<\/div>\n<\/div>\n<\/div>\n<div class=\"\" data-mesh-id=\"soapAfterPagesContainerinlineContent\" data-testid=\"inline-content\">\n<div data-mesh-id=\"soapAfterPagesContainerinlineContent-gridContainer\" data-testid=\"mesh-container-content\"><\/div>\n<\/div>\n<hr \/>\n<h4><strong>Contact<\/strong><\/h4>\n<hr \/>\n<h4>Conseil des Etudiants : <span style=\"color: #ff0000;\"><a style=\"color: #ff0000;\" href=\"mailto:cebeauxartsliege@gmail.com\">cebeauxartsliege@gmail.com<\/a><\/span><\/h4>\n<h4>Facebook : <span style=\"color: #ff0000;\"><a style=\"color: #ff0000;\" href=\"https:\/\/www.facebook.com\/conseiletudiant.academieliege\" target=\"_blank\" rel=\"noopener\">Cliquez ici<\/a><\/span><\/h4>\n<h4>Instagram : <span style=\"color: #ff0000;\"><a style=\"color: #ff0000;\" href=\"https:\/\/www.instagram.com\/ce__bal\/\" target=\"_blank\" rel=\"noopener\">Cliquez ici<\/a><\/span><\/h4>\n<p>&nbsp;<\/p>\n<p>&nbsp;<\/p>\n","protected":false},"excerpt":{"rendered":"<p>Conseil des Etudiants Le Conseil des \u00e9tudiants est un des quatre organes de d\u00e9cision des Beaux-Arts de Li\u00e8ge. Le Conseil des \u00e9tudiants est un organe autonome qui repr\u00e9sente l\u2019ensemble des &#8230;<\/p>\n","protected":false},"author":1,"featured_media":0,"parent":2023,"menu_order":0,"comment_status":"closed","ping_status":"closed","template":"","meta":{"footnotes":""},"class_list":["post-260","page","type-page","status-publish","hentry"],"_links":{"self":[{"href":"https:\/\/www.intra-esavl.be\/index.php\/wp-json\/wp\/v2\/pages\/260","targetHints":{"allow":["GET"]}}],"collection":[{"href":"https:\/\/www.intra-esavl.be\/index.php\/wp-json\/wp\/v2\/pages"}],"about":[{"href":"https:\/\/www.intra-esavl.be\/index.php\/wp-json\/wp\/v2\/types\/page"}],"author":[{"embeddable":true,"href":"https:\/\/www.intra-esavl.be\/index.php\/wp-json\/wp\/v2\/users\/1"}],"replies":[{"embeddable":true,"href":"https:\/\/www.intra-esavl.be\/index.php\/wp-json\/wp\/v2\/comments?post=260"}],"version-history":[{"count":16,"href":"https:\/\/www.intra-esavl.be\/index.php\/wp-json\/wp\/v2\/pages\/260\/revisions"}],"predecessor-version":[{"id":6039,"href":"https:\/\/www.intra-esavl.be\/index.php\/wp-json\/wp\/v2\/pages\/260\/revisions\/6039"}],"up":[{"embeddable":true,"href":"https:\/\/www.intra-esavl.be\/index.php\/wp-json\/wp\/v2\/pages\/2023"}],"wp:attachment":[{"href":"https:\/\/www.intra-esavl.be\/index.php\/wp-json\/wp\/v2\/media?parent=260"}],"curies":[{"name":"wp","href":"https:\/\/api.w.org\/{rel}","templated":true}]}}