{"id":263,"date":"2019-03-18T15:31:24","date_gmt":"2019-03-18T14:31:24","guid":{"rendered":"http:\/\/intra-esavl.be\/?page_id=263"},"modified":"2026-01-22T10:24:13","modified_gmt":"2026-01-22T09:24:13","slug":"conseil-social","status":"publish","type":"page","link":"https:\/\/www.intra-esavl.be\/index.php\/nos-differents-services\/conseil-social\/","title":{"rendered":"Conseil Social"},"content":{"rendered":"\t\t<div data-elementor-type=\"wp-page\" data-elementor-id=\"263\" class=\"elementor elementor-263\">\n\t\t\t\t\t\t<section class=\"elementor-section elementor-top-section elementor-element elementor-element-1abb23dd elementor-section-boxed elementor-section-height-default elementor-section-height-default\" data-id=\"1abb23dd\" data-element_type=\"section\" data-e-type=\"section\">\n\t\t\t\t\t\t<div class=\"elementor-container elementor-column-gap-default\">\n\t\t\t\t\t<div class=\"elementor-column elementor-col-100 elementor-top-column elementor-element elementor-element-755b13e3\" data-id=\"755b13e3\" data-element_type=\"column\" data-e-type=\"column\">\n\t\t\t<div class=\"elementor-widget-wrap elementor-element-populated\">\n\t\t\t\t\t\t<div class=\"elementor-element elementor-element-762b80de elementor-widget elementor-widget-text-editor\" data-id=\"762b80de\" data-element_type=\"widget\" data-e-type=\"widget\" data-widget_type=\"text-editor.default\">\n\t\t\t\t<div class=\"elementor-widget-container\">\n\t\t\t\t\t\t\t\t\t<div class=\"entry-content\"><h2><span style=\"color: #ffc900;\">Le Conseil Social<\/span><\/h2><hr \/><h4><strong>Crit\u00e8res d\u2019octroi (qui peut b\u00e9n\u00e9ficier de l\u2019aide ?) <\/strong><\/h4><hr \/><h4>Tout \u00e9tudiant r\u00e9guli\u00e8rement inscrit aux Beaux-Arts de Li\u00e8ge \u2013 Ecole Sup\u00e9rieure des Arts, que vous soyez \u00e9tudiant boursier (FWB), \u00e9tudiant de condition modeste ou que vous ne b\u00e9n\u00e9ficiez d\u2019aucune aide.<\/h4><div class=\"grve-container\"><div class=\"grve-row grve-bookmark grve-columns-gap-default grve-mobile-vertical-gap-30\"><div class=\"grve-column wpb_column grve-bookmark grve-column-1 grve-with-bg-transparent\"><div class=\"grve-column-wrapper\"><div class=\"grve-column-content\"><hr \/><h4><strong>Demande et constitution du dossier<\/strong><\/h4><hr \/><h4><span style=\"color: #ffc900;\"><strong>QUE DEMANDER ?<\/strong><\/span><\/h4><div class=\"grve-element grve-text\"><ul><li><h4>Une aide au paiement de votre <strong>loyer<\/strong>;<\/h4><\/li><li><h4>Le remboursement de vos <strong>frais scolaires<\/strong> (mat\u00e9riel, ordinateur, logiciels, sorties scolaires obligatoires\u2026)\u00a0;<\/h4><\/li><li><h4>Le remboursement de vos <strong>frais de transport <\/strong>(abonnement de bus, de train\u2026)\u00a0;<\/h4><\/li><li><h4>Une aide au paiement de vos <strong>frais d\u2019inscription<\/strong> (minerval et\/ou frais d\u2019infrastructure et administratifs).<\/h4><\/li><\/ul><h4><strong><u>Remarque<\/u><\/strong>: Vous pouvez introduire une demande pour chacun de ces besoins mais le Conseil Social ne peut g\u00e9n\u00e9ralement intervenir que sur 1 ou 2 besoin(s) par personne.<\/h4><hr \/><h4><strong><span style=\"color: #ffc900;\">QUAND ?<\/span> <\/strong><\/h4><h4>Il y a deux p\u00e9riodes d\u2019octroi durant l\u2019ann\u00e9e acad\u00e9mique :<\/h4><ul><li><h4><strong>Pour le premier quadrimestre (aide financi\u00e8re pour les mois de septembre \u00e0 d\u00e9cembre inclus) :<br \/><\/strong><\/h4><h4>Remise du<u> dossier COMPLET <\/u><strong>d\u00e9but octobre &#8211; <span style=\"color: #ff0000;\">10 octobre 2025<\/span><br \/><\/strong>Les membres du conseil social se r\u00e9unissent vers la fin du mois d\u2019octobre pour analyser les demandes. La d\u00e9cision vous sera communiqu\u00e9e par mail et, le cas \u00e9ch\u00e9ant, le montant octroy\u00e9 sera vers\u00e9 au plus vite.<\/h4><\/li><li><h4><strong>Pour le deuxi\u00e8me quadrimestre (aide financi\u00e8re pour les mois de janvier \u00e0 juin inclus) :<br \/><\/strong><\/h4><h4>Remise du<u> dossier<\/u> <u>COMPLET<\/u> <strong>d\u00e9but f\u00e9vrier &#8211; <\/strong><span style=\"color: #ff0000;\"><strong>06 f\u00e9vrier 2026<\/strong><\/span><\/h4><h4>. La r\u00e9union du conseil social se tiendra \u00e0 la fin du mois de f\u00e9vrier. La d\u00e9cision vous sera communiqu\u00e9e par mail.<strong><br \/><\/strong><\/h4><\/li><\/ul><h4><strong>Les dates d\u2019\u00e9ch\u00e9ance de d\u00e9p\u00f4t de votre dossier<\/strong> de demande seront affich\u00e9es :<\/h4><ul><li><h4>aux valves des \u00e9tudiants<\/h4><\/li><li><h4>au bas de cette page<\/h4><\/li><\/ul><hr \/><h4><span style=\"color: #ffc900;\"><strong>COMMENT?<\/strong><\/span><\/h4><h4><u>Nouvelle demande = Dossier de demande + entretien <\/u><\/h4><ol><li><h4>Composition du dossier :<\/h4><ul><li><h4><strong>Formulaires<\/strong> <strong>compl\u00e9t\u00e9s et sign\u00e9s disponibles en bas de page<\/strong>.<\/h4><\/li><li><h4><strong>Documents officiels<\/strong> (voir liste sur formulaire)\u00a0: copie de tout document officiel attestant de votre situation.<\/h4><\/li><\/ul><\/li><li><h4>Entretien : Madame Zanfi prendra contact avec vous apr\u00e8s d\u00e9p\u00f4t de votre dossier afin de fixer un entretien. Celui-ci finalisera votre demande.<\/h4><\/li><\/ol><h4>Remarque concernant les documents officiels :<\/h4><ul><li><h4>Composition de m\u00e9nage : adressez-vous \u00e0 votre administration communale ou t\u00e9l\u00e9chargez gratuitement le document via l&rsquo;application \u00ab\u00a0Mon Dossier\u00a0\u00bb du Registre national.<\/h4><\/li><li><h4>Avertissement d\u2019extrait de r\u00f4le de l\u2019ann\u00e9e pr\u00e9c\u00e9dente (AER) = imp\u00f4ts de vos parents\/tuteurs l\u00e9gaux ou les v\u00f4tres si vous \u00eates \u00e0 votre propre charge (joindre toutes les pages !)<\/h4><\/li><\/ul><h4><u>Demande de prolongation d\u2019aide (pour la p\u00e9riode de janvier \u00e0 juin) <\/u><\/h4><h4>Veuillez compl\u00e9ter le formulaire de prolongation ci-dessous et le transmettre \u00e0 Madame Laura Zanfi.<\/h4><hr \/><h4><strong><span style=\"color: #ffc900;\">O\u00d9 REMETTRE SON DOSSIER ? :\u00a0<\/span> <\/strong><\/h4><h4>Vous devez <strong>imp\u00e9rativement<\/strong> envoyer votre dossier par mail \u00e0 l&rsquo;adresse suivante : <a href=\"mailto:l.zanfi@intra-esavl.be\"><u>l.zanfi@intra-esavl.be<\/u><\/a>, <strong>sans quoi votre dossier ne pourra \u00eatre pris en compte<\/strong>. Votre dossier <strong>doit \u00eatre sign\u00e9 par vos soins.<\/strong><\/h4><h4><strong>Nos dates de r\u00e9unions<\/strong><\/h4><ul><li><h4><strong>Octobre 2025 pour le premier quadrimestre : <span style=\"color: #ff0000;\">21 octobre 2025<\/span><br \/><\/strong><\/h4><\/li><li><h4><strong>F\u00e9vrier 2026 pour le deuxi\u00e8me quadrimestre : <span style=\"color: #ff0000;\">17 f\u00e9vrier 2026<\/span><\/strong><strong><br \/><\/strong><\/h4><\/li><\/ul><\/div><\/div><\/div><\/div><\/div><\/div><hr \/><h4><strong>Documents \u00e0 t\u00e9l\u00e9charger <\/strong><\/h4><hr \/><h4>Attention, <strong>deux types de formulaires<\/strong> sont distincts : un formulaire de<strong> <span style=\"color: #ff0000;\">premi\u00e8re demande<\/span><\/strong> pour l&rsquo;ann\u00e9e acad\u00e9mique (<strong>\u00e0 remettre selon les modalit\u00e9s d\u00e9crites ci-dessus<\/strong>) et un formulaire de <strong><span style=\"color: #ff0000;\">prolongation de demande<\/span><\/strong> (<strong>le formulaire de prolongation doit \u00eatre \u00e9galement compl\u00e9t\u00e9, sign\u00e9 et remis \u00e0 Madame Zanfi<\/strong>).<\/h4><ul><li><h4><a href=\"https:\/\/www.intra-esavl.be\/wp-content\/uploads\/2025\/12\/Formulaire-premiere-demande-Conseil-Social.pdf\" target=\"_blank\" rel=\"noopener\"><span style=\"color: #ff0000;\">Formulaire de premi\u00e8re demande<\/span><\/a><\/h4><\/li><li><h4><span style=\"color: #ff0000;\"><a style=\"color: #ff0000;\" href=\"https:\/\/www.intra-esavl.be\/wp-content\/uploads\/2025\/12\/Formulaire-demande-de-prolongation.pdf\" target=\"_blank\" rel=\"noopener\">Formulaire de demande de prolongation<\/a><\/span><\/h4><\/li><\/ul><hr \/><h4><strong>Contact <\/strong><\/h4><hr \/><h4>ZANFI Laura &#8211; <a href=\"mailto:conseilsocial@intra-esavl.be\"><span style=\"color: #ff0000;\">l.zanfi@intra-esavl.be<\/span><\/a><\/h4><h4>Localisation du bureau\u00a0: rez-de-chauss\u00e9e du secr\u00e9tariat Etudiants.<br \/>Horaire des permanences\u00a0: prendre rendez-vous par mail.<\/h4><h4><strong>Important<\/strong> : Madame Zanfi est accessible tout au long de l&rsquo;ann\u00e9e <strong>sur rendez-vous<\/strong> si vous avez besoin d&rsquo;expliquer une situation particuli\u00e8rement d\u00e9licate (en toute confidentialit\u00e9).<\/h4><\/div>\t\t\t\t\t\t\t\t<\/div>\n\t\t\t\t<\/div>\n\t\t\t\t\t<\/div>\n\t\t<\/div>\n\t\t\t\t\t<\/div>\n\t\t<\/section>\n\t\t\t\t<\/div>\n\t\t","protected":false},"excerpt":{"rendered":"<p>Le Conseil Social Crit\u00e8res d\u2019octroi (qui peut b\u00e9n\u00e9ficier de l\u2019aide ?) Tout \u00e9tudiant r\u00e9guli\u00e8rement inscrit aux Beaux-Arts de Li\u00e8ge \u2013 Ecole Sup\u00e9rieure des Arts, que vous soyez \u00e9tudiant boursier (FWB), &#8230;<\/p>\n","protected":false},"author":1,"featured_media":0,"parent":2023,"menu_order":0,"comment_status":"closed","ping_status":"closed","template":"","meta":{"footnotes":""},"class_list":["post-263","page","type-page","status-publish","hentry"],"_links":{"self":[{"href":"https:\/\/www.intra-esavl.be\/index.php\/wp-json\/wp\/v2\/pages\/263","targetHints":{"allow":["GET"]}}],"collection":[{"href":"https:\/\/www.intra-esavl.be\/index.php\/wp-json\/wp\/v2\/pages"}],"about":[{"href":"https:\/\/www.intra-esavl.be\/index.php\/wp-json\/wp\/v2\/types\/page"}],"author":[{"embeddable":true,"href":"https:\/\/www.intra-esavl.be\/index.php\/wp-json\/wp\/v2\/users\/1"}],"replies":[{"embeddable":true,"href":"https:\/\/www.intra-esavl.be\/index.php\/wp-json\/wp\/v2\/comments?post=263"}],"version-history":[{"count":101,"href":"https:\/\/www.intra-esavl.be\/index.php\/wp-json\/wp\/v2\/pages\/263\/revisions"}],"predecessor-version":[{"id":6869,"href":"https:\/\/www.intra-esavl.be\/index.php\/wp-json\/wp\/v2\/pages\/263\/revisions\/6869"}],"up":[{"embeddable":true,"href":"https:\/\/www.intra-esavl.be\/index.php\/wp-json\/wp\/v2\/pages\/2023"}],"wp:attachment":[{"href":"https:\/\/www.intra-esavl.be\/index.php\/wp-json\/wp\/v2\/media?parent=263"}],"curies":[{"name":"wp","href":"https:\/\/api.w.org\/{rel}","templated":true}]}}

<div data-elementor-type="wp-page" data-elementor-id="263" class="elementor elementor-263">
						<section class="elementor-section elementor-top-section elementor-element elementor-element-1abb23dd elementor-section-boxed elementor-section-height-default elementor-section-height-default" data-id="1abb23dd" data-element_type="section" data-e-type="section">
						<div class="elementor-container elementor-column-gap-default">
					<div class="elementor-column elementor-col-100 elementor-top-column elementor-element elementor-element-755b13e3" data-id="755b13e3" data-element_type="column" data-e-type="column">
			<div class="elementor-widget-wrap elementor-element-populated">
						<div class="elementor-element elementor-element-762b80de elementor-widget elementor-widget-text-editor" data-id="762b80de" data-element_type="widget" data-e-type="widget" data-widget_type="text-editor.default">
				<div class="elementor-widget-container">
									<div class="entry-content"><h2><span style="color: #ffc900;">Le Conseil Social</span></h2><hr /><h4><strong>Critères d’octroi (qui peut bénéficier de l’aide ?) </strong></h4><hr /><h4>Tout étudiant régulièrement inscrit aux Beaux-Arts de Liège – Ecole Supérieure des Arts, que vous soyez étudiant boursier (FWB), étudiant de condition modeste ou que vous ne bénéficiez d’aucune aide.</h4><div class="grve-container"><div class="grve-row grve-bookmark grve-columns-gap-default grve-mobile-vertical-gap-30"><div class="grve-column wpb_column grve-bookmark grve-column-1 grve-with-bg-transparent"><div class="grve-column-wrapper"><div class="grve-column-content"><hr /><h4><strong>Demande et constitution du dossier</strong></h4><hr /><h4><span style="color: #ffc900;"><strong>QUE DEMANDER ?</strong></span></h4><div class="grve-element grve-text"><ul><li><h4>Une aide au paiement de votre <strong>loyer</strong>;</h4></li><li><h4>Le remboursement de vos <strong>frais scolaires</strong> (matériel, ordinateur, logiciels, sorties scolaires obligatoires…) ;</h4></li><li><h4>Le remboursement de vos <strong>frais de transport </strong>(abonnement de bus, de train…) ;</h4></li><li><h4>Une aide au paiement de vos <strong>frais d’inscription</strong> (minerval et/ou frais d’infrastructure et administratifs).</h4></li></ul><h4><strong><u>Remarque</u></strong>: Vous pouvez introduire une demande pour chacun de ces besoins mais le Conseil Social ne peut généralement intervenir que sur 1 ou 2 besoin(s) par personne.</h4><hr /><h4><strong><span style="color: #ffc900;">QUAND ?</span> </strong></h4><h4>Il y a deux périodes d’octroi durant l’année académique :</h4><ul><li><h4><strong>Pour le premier quadrimestre (aide financière pour les mois de septembre à décembre inclus) :<br /></strong></h4><h4>Remise du<u> dossier COMPLET </u><strong>début octobre &#8211; <span style="color: #ff0000;">10 octobre 2025</span><br /></strong>Les membres du conseil social se réunissent vers la fin du mois d’octobre pour analyser les demandes. La décision vous sera communiquée par mail et, le cas échéant, le montant octroyé sera versé au plus vite.</h4></li><li><h4><strong>Pour le deuxième quadrimestre (aide financière pour les mois de janvier à juin inclus) :<br /></strong></h4><h4>Remise du<u> dossier</u> <u>COMPLET</u> <strong>début février &#8211; </strong><span style="color: #ff0000;"><strong>06 février 2026</strong></span></h4><h4>. La réunion du conseil social se tiendra à la fin du mois de février. La décision vous sera communiquée par mail.<strong><br /></strong></h4></li></ul><h4><strong>Les dates d’échéance de dépôt de votre dossier</strong> de demande seront affichées :</h4><ul><li><h4>aux valves des étudiants</h4></li><li><h4>au bas de cette page</h4></li></ul><hr /><h4><span style="color: #ffc900;"><strong>COMMENT?</strong></span></h4><h4><u>Nouvelle demande = Dossier de demande + entretien </u></h4><ol><li><h4>Composition du dossier :</h4><ul><li><h4><strong>Formulaires</strong> <strong>complétés et signés disponibles en bas de page</strong>.</h4></li><li><h4><strong>Documents officiels</strong> (voir liste sur formulaire) : copie de tout document officiel attestant de votre situation.</h4></li></ul></li><li><h4>Entretien : Madame Zanfi prendra contact avec vous après dépôt de votre dossier afin de fixer un entretien. Celui-ci finalisera votre demande.</h4></li></ol><h4>Remarque concernant les documents officiels :</h4><ul><li><h4>Composition de ménage : adressez-vous à votre administration communale ou téléchargez gratuitement le document via l&rsquo;application « Mon Dossier » du Registre national.</h4></li><li><h4>Avertissement d’extrait de rôle de l’année précédente (AER) = impôts de vos parents/tuteurs légaux ou les vôtres si vous êtes à votre propre charge (joindre toutes les pages !)</h4></li></ul><h4><u>Demande de prolongation d’aide (pour la période de janvier à juin) </u></h4><h4>Veuillez compléter le formulaire de prolongation ci-dessous et le transmettre à Madame Laura Zanfi.</h4><hr /><h4><strong><span style="color: #ffc900;">OÙ REMETTRE SON DOSSIER ? : </span> </strong></h4><h4>Vous devez <strong>impérativement</strong> envoyer votre dossier par mail à l&rsquo;adresse suivante : <a href="mailto:l.zanfi@intra-esavl.be"><u>l.zanfi@intra-esavl.be</u></a>, <strong>sans quoi votre dossier ne pourra être pris en compte</strong>. Votre dossier <strong>doit être signé par vos soins.</strong></h4><h4><strong>Nos dates de réunions</strong></h4><ul><li><h4><strong>Octobre 2025 pour le premier quadrimestre : <span style="color: #ff0000;">21 octobre 2025</span><br /></strong></h4></li><li><h4><strong>Février 2026 pour le deuxième quadrimestre : <span style="color: #ff0000;">17 février 2026</span></strong><strong><br /></strong></h4></li></ul></div></div></div></div></div></div><hr /><h4><strong>Documents à télécharger </strong></h4><hr /><h4>Attention, <strong>deux types de formulaires</strong> sont distincts : un formulaire de<strong> <span style="color: #ff0000;">première demande</span></strong> pour l&rsquo;année académique (<strong>à remettre selon les modalités décrites ci-dessus</strong>) et un formulaire de <strong><span style="color: #ff0000;">prolongation de demande</span></strong> (<strong>le formulaire de prolongation doit être également complété, signé et remis à Madame Zanfi</strong>).</h4><ul><li><h4><a href="https://www.intra-esavl.be/wp-content/uploads/2025/12/Formulaire-premiere-demande-Conseil-Social.pdf" target="_blank" rel="noopener"><span style="color: #ff0000;">Formulaire de première demande</span></a></h4></li><li><h4><span style="color: #ff0000;"><a style="color: #ff0000;" href="https://www.intra-esavl.be/wp-content/uploads/2025/12/Formulaire-demande-de-prolongation.pdf" target="_blank" rel="noopener">Formulaire de demande de prolongation</a></span></h4></li></ul><hr /><h4><strong>Contact </strong></h4><hr /><h4>ZANFI Laura &#8211; <a href="mailto:conseilsocial@intra-esavl.be"><span style="color: #ff0000;">l.zanfi@intra-esavl.be</span></a></h4><h4>Localisation du bureau : rez-de-chaussée du secrétariat Etudiants.<br />Horaire des permanences : prendre rendez-vous par mail.</h4><h4><strong>Important</strong> : Madame Zanfi est accessible tout au long de l&rsquo;année <strong>sur rendez-vous</strong> si vous avez besoin d&rsquo;expliquer une situation particulièrement délicate (en toute confidentialité).</h4></div>								</div>
				</div>
					</div>
		</div>
					</div>
		</section>
				</div>

<p>Le Conseil Social Critères d’octroi (qui peut bénéficier de l’aide ?) Tout étudiant régulièrement inscrit aux Beaux-Arts de Liège – Ecole Supérieure des Arts, que vous soyez étudiant boursier (FWB), &#8230;</p>
