{"id":266,"date":"2019-03-18T15:32:05","date_gmt":"2019-03-18T14:32:05","guid":{"rendered":"http:\/\/intra-esavl.be\/?page_id=266"},"modified":"2024-09-11T09:37:26","modified_gmt":"2024-09-11T07:37:26","slug":"service-inclusif","status":"publish","type":"page","link":"https:\/\/www.intra-esavl.be\/index.php\/nos-differents-services\/service-inclusif\/","title":{"rendered":"Service inclusif"},"content":{"rendered":"<div class=\"entry-content\">\n<h2><span style=\"color: #ffc900;\">Service inclusif<\/span><\/h2>\n<hr \/>\n<div class=\"grve-section grve-row-section grve-fullwidth-background grve-padding-bottom-3x grve-with-bg-transparent\" data-header-color=\"default\">\n<div class=\"grve-container\">\n<div class=\"grve-row grve-bookmark grve-columns-gap-default grve-mobile-vertical-gap-30\">\n<div class=\"grve-column wpb_column grve-bookmark grve-column-1 grve-with-bg-transparent\">\n<div class=\"grve-column-wrapper\">\n<div class=\"grve-column-content\">\n<h4 class=\"grve-element grve-text vc_custom_1652953636621\">Le Service Inclusif des <a href=\"https:\/\/beauxartsdeliege.be\/\">Beaux-Arts de Li\u00e8ge<\/a> assure l\u2019accueil des \u00e9tudiants \u00e0 besoins sp\u00e9cifiques et \u00e9labore avec eux un accompagnement individualis\u00e9. Pour b\u00e9n\u00e9ficier d\u2019une aide du service inclusif, l\u2019\u00e9tudiant doit pr\u00e9senter l\u2019un des troubles suivants :<\/h4>\n<ul>\n<li class=\"grve-element grve-text vc_custom_1652953636621\">\n<h4>Difficult\u00e9s moteurs ou sensori-moteurs<\/h4>\n<\/li>\n<li class=\"grve-element grve-text vc_custom_1652953636621\">\n<h4>Troubles de sant\u00e9 momentan\u00e9s ou permanents (maladie invalidante\u2026)<\/h4>\n<\/li>\n<li class=\"grve-element grve-text vc_custom_1652953636621\">\n<h4>Trouble du langage (dyslexie\u2026)<\/h4>\n<\/li>\n<li class=\"grve-element grve-text vc_custom_1652953636621\">\n<h4>Trouble sp\u00e9cifique d\u2019apprentissage<\/h4>\n<\/li>\n<li class=\"grve-element grve-text vc_custom_1652953636621\">\n<h4>Difficult\u00e9 comportementale<\/h4>\n<\/li>\n<li class=\"grve-element grve-text vc_custom_1652953636621\">\n<h4>Trouble de la personnalit\u00e9<\/h4>\n<\/li>\n<li class=\"grve-element grve-text vc_custom_1652953636621\">\n<h4>Situation familiale probl\u00e9matique.<\/h4>\n<\/li>\n<\/ul>\n<h4 class=\"grve-element grve-text vc_custom_1652953636621\">Si l\u2019\u00e9tudiant est reconnu comme un \u00e9tudiant \u00e0 besoins sp\u00e9cifiques, l\u2019\u00e9tablissement r\u00e9alisera des am\u00e9nagements et adaptations au sein de l\u2019\u00e9cole pour minimiser les cons\u00e9quences n\u00e9gatives du handicap sur l\u2019apprentissage de l\u2019\u00e9tudiant.<\/h4>\n<hr \/>\n<h4>Le service inclusif selon le D\u00e9cret :\u00a0 Cliquez <a href=\"http:\/\/www.gallilex.cfwb.be\/document\/pdf\/39922_000.pdf\" target=\"_blank\" rel=\"noopener\"><span style=\"color: #ff0000;\">ici<\/span><\/a> et <span style=\"color: #ff0000;\"><a style=\"color: #ff0000;\" href=\"http:\/\/www.gallilex.cfwb.be\/document\/pdf\/39922_002.pdf\" target=\"_blank\" rel=\"noopener\">ici<\/a><\/span><\/h4>\n<hr \/>\n<h4 class=\"grve-element grve-text vc_custom_1652953636621\"><strong>Contact<br \/>\n<\/strong><\/h4>\n<hr \/>\n<h4 class=\"grve-element grve-text vc_custom_1652953636621\">SECONDINI Bernard : <a href=\"mailto:b.secondini@intra-esavl.be\"><span style=\"color: #ff0000;\">b.secondini@intra-esavl.be<\/span><\/a><\/h4>\n<h4 class=\"grve-element grve-text vc_custom_1652953636621\"><strong>Localisation du bureau\u00a0: premier \u00e9tage de la conciergerie.<\/strong><br \/>\n<strong>Horaire des permanences\u00a0: prendre rendez-vous par mail.<\/strong><\/h4>\n<\/div>\n<\/div>\n<\/div>\n<\/div>\n<\/div>\n<\/div>\n<p>&nbsp;<\/p>\n<\/div>\n","protected":false},"excerpt":{"rendered":"<p>Service inclusif Le Service Inclusif des Beaux-Arts de Li\u00e8ge assure l\u2019accueil des \u00e9tudiants \u00e0 besoins sp\u00e9cifiques et \u00e9labore avec eux un accompagnement individualis\u00e9. Pour b\u00e9n\u00e9ficier d\u2019une aide du service inclusif, &#8230;<\/p>\n","protected":false},"author":1,"featured_media":0,"parent":2023,"menu_order":0,"comment_status":"closed","ping_status":"closed","template":"","meta":{"footnotes":""},"class_list":["post-266","page","type-page","status-publish","hentry"],"_links":{"self":[{"href":"https:\/\/www.intra-esavl.be\/index.php\/wp-json\/wp\/v2\/pages\/266","targetHints":{"allow":["GET"]}}],"collection":[{"href":"https:\/\/www.intra-esavl.be\/index.php\/wp-json\/wp\/v2\/pages"}],"about":[{"href":"https:\/\/www.intra-esavl.be\/index.php\/wp-json\/wp\/v2\/types\/page"}],"author":[{"embeddable":true,"href":"https:\/\/www.intra-esavl.be\/index.php\/wp-json\/wp\/v2\/users\/1"}],"replies":[{"embeddable":true,"href":"https:\/\/www.intra-esavl.be\/index.php\/wp-json\/wp\/v2\/comments?post=266"}],"version-history":[{"count":15,"href":"https:\/\/www.intra-esavl.be\/index.php\/wp-json\/wp\/v2\/pages\/266\/revisions"}],"predecessor-version":[{"id":6029,"href":"https:\/\/www.intra-esavl.be\/index.php\/wp-json\/wp\/v2\/pages\/266\/revisions\/6029"}],"up":[{"embeddable":true,"href":"https:\/\/www.intra-esavl.be\/index.php\/wp-json\/wp\/v2\/pages\/2023"}],"wp:attachment":[{"href":"https:\/\/www.intra-esavl.be\/index.php\/wp-json\/wp\/v2\/media?parent=266"}],"curies":[{"name":"wp","href":"https:\/\/api.w.org\/{rel}","templated":true}]}}

<div class="entry-content">
<h2><span style="color: #ffc900;">Service inclusif</span></h2>
<hr />
<div class="grve-section grve-row-section grve-fullwidth-background grve-padding-bottom-3x grve-with-bg-transparent" data-header-color="default">
<div class="grve-container">
<div class="grve-row grve-bookmark grve-columns-gap-default grve-mobile-vertical-gap-30">
<div class="grve-column wpb_column grve-bookmark grve-column-1 grve-with-bg-transparent">
<div class="grve-column-wrapper">
<div class="grve-column-content">
<h4 class="grve-element grve-text vc_custom_1652953636621">Le Service Inclusif des <a href="https://beauxartsdeliege.be/">Beaux-Arts de Liège</a> assure l’accueil des étudiants à besoins spécifiques et élabore avec eux un accompagnement individualisé. Pour bénéficier d’une aide du service inclusif, l’étudiant doit présenter l’un des troubles suivants :</h4>
<ul>
<li class="grve-element grve-text vc_custom_1652953636621">
<h4>Difficultés moteurs ou sensori-moteurs</h4>
</li>
<li class="grve-element grve-text vc_custom_1652953636621">
<h4>Troubles de santé momentanés ou permanents (maladie invalidante…)</h4>
</li>
<li class="grve-element grve-text vc_custom_1652953636621">
<h4>Trouble du langage (dyslexie…)</h4>
</li>
<li class="grve-element grve-text vc_custom_1652953636621">
<h4>Trouble spécifique d’apprentissage</h4>
</li>
<li class="grve-element grve-text vc_custom_1652953636621">
<h4>Difficulté comportementale</h4>
</li>
<li class="grve-element grve-text vc_custom_1652953636621">
<h4>Trouble de la personnalité</h4>
</li>
<li class="grve-element grve-text vc_custom_1652953636621">
<h4>Situation familiale problématique.</h4>
</li>
</ul>
<h4 class="grve-element grve-text vc_custom_1652953636621">Si l’étudiant est reconnu comme un étudiant à besoins spécifiques, l’établissement réalisera des aménagements et adaptations au sein de l’école pour minimiser les conséquences négatives du handicap sur l’apprentissage de l’étudiant.</h4>
<hr />
<h4>Le service inclusif selon le Décret :  Cliquez <a href="http://www.gallilex.cfwb.be/document/pdf/39922_000.pdf" target="_blank" rel="noopener"><span style="color: #ff0000;">ici</span></a> et <span style="color: #ff0000;"><a style="color: #ff0000;" href="http://www.gallilex.cfwb.be/document/pdf/39922_002.pdf" target="_blank" rel="noopener">ici</a></span></h4>
<hr />
<h4 class="grve-element grve-text vc_custom_1652953636621"><strong>Contact<br />
</strong></h4>
<hr />
<h4 class="grve-element grve-text vc_custom_1652953636621">SECONDINI Bernard : <a href="mailto:b.secondini@intra-esavl.be"><span style="color: #ff0000;">b.secondini@intra-esavl.be</span></a></h4>
<h4 class="grve-element grve-text vc_custom_1652953636621"><strong>Localisation du bureau : premier étage de la conciergerie.</strong><br />
<strong>Horaire des permanences : prendre rendez-vous par mail.</strong></h4>
</div>
</div>
</div>
</div>
</div>
</div>
<p>&nbsp;</p>
</div>

<p>Service inclusif Le Service Inclusif des Beaux-Arts de Liège assure l’accueil des étudiants à besoins spécifiques et élabore avec eux un accompagnement individualisé. Pour bénéficier d’une aide du service inclusif, &#8230;</p>
