{"id":2873,"date":"2021-01-11T12:16:50","date_gmt":"2021-01-11T11:16:50","guid":{"rendered":"https:\/\/www.intra-esavl.be\/?page_id=2873"},"modified":"2021-02-07T09:52:45","modified_gmt":"2021-02-07T08:52:45","slug":"henrion","status":"publish","type":"page","link":"https:\/\/www.intra-esavl.be\/index.php\/covid-19-2\/2eme-quadrimestre\/henrion\/","title":{"rendered":"Henrion"},"content":{"rendered":"<p>Contact :\u00a0<a href=\"mailto:p.henrion@intra-esavl.be\">p.henrion@intra-esavl.be<\/a><\/p>\n<hr \/>\n<p><strong>Support 2\u00e8me quadrimestre : Actualit\u00e9s Culturelles \/ cin\u00e9ma<br \/>\n<\/strong><\/p>\n<hr \/>\n<ul>\n<li><strong>3\u00e8me Bachelier Vid\u00e9ographie<\/strong><\/li>\n<\/ul>\n<ol>\n<li><a href=\"https:\/\/www.intra-esavl.be\/wp-content\/uploads\/2021\/01\/Support-\u00e9crit-4.pdf\" target=\"_blank\" rel=\"noopener noreferrer\">Support \u00e9crit<\/a><\/li>\n<li><a href=\"https:\/\/www.intra-esavl.be\/wp-content\/uploads\/2021\/01\/Abstraction-aux-Etats-Unis.pdf\" target=\"_blank\" rel=\"noopener noreferrer\">Abstraction aux Etats-Unis<\/a><\/li>\n<li><a href=\"https:\/\/www.intra-esavl.be\/wp-content\/uploads\/2021\/01\/Abstraction-en-Europe.pdf\" target=\"_blank\" rel=\"noopener noreferrer\">Abstraction en Europe<\/a><\/li>\n<li><a href=\"https:\/\/www.intra-esavl.be\/wp-content\/uploads\/2021\/01\/Cobra.pdf\" target=\"_blank\" rel=\"noopener noreferrer\">Cobra<\/a><\/li>\n<li><a href=\"https:\/\/www.intra-esavl.be\/wp-content\/uploads\/2021\/01\/Pop-Art.pdf\" target=\"_blank\" rel=\"noopener noreferrer\">Pop Art<\/a><\/li>\n<\/ol>\n<ul>\n<li><strong>1\u00e8re Master Vid\u00e9ographie<\/strong><\/li>\n<\/ul>\n<ol>\n<li><a href=\"https:\/\/www.intra-esavl.be\/wp-content\/uploads\/2021\/01\/Support-\u00e9crit-4.pdf\" target=\"_blank\" rel=\"noopener noreferrer\">Support \u00e9crit<\/a><\/li>\n<li><a href=\"https:\/\/www.intra-esavl.be\/wp-content\/uploads\/2021\/01\/Abstraction-aux-Etats-Unis.pdf\" target=\"_blank\" rel=\"noopener noreferrer\">Abstraction aux Etats-Unis<\/a><\/li>\n<li><a href=\"https:\/\/www.intra-esavl.be\/wp-content\/uploads\/2021\/01\/Abstraction-en-Europe.pdf\" target=\"_blank\" rel=\"noopener noreferrer\">Abstraction en Europe<\/a><\/li>\n<li><a href=\"https:\/\/www.intra-esavl.be\/wp-content\/uploads\/2021\/01\/Cobra.pdf\" target=\"_blank\" rel=\"noopener noreferrer\">Cobra<\/a><\/li>\n<li><a href=\"https:\/\/www.intra-esavl.be\/wp-content\/uploads\/2021\/01\/Pop-Art.pdf\" target=\"_blank\" rel=\"noopener noreferrer\">Pop Art<\/a><\/li>\n<\/ol>\n<hr \/>\n<p><strong>Support 2\u00e8me quadrimestre<\/strong> : <strong>Hist. et actu. des arts \/ 19\u00e8me et 20\u00e8me S<\/strong><\/p>\n<hr \/>\n<ul>\n<li><strong>2\u00e8me Bachelier : Publicit\u00e9 \/ Illustration \/ Bande Dessin\u00e9e \/ Sc\u00e9nographie \/ Vid\u00e9ographie<\/strong><\/li>\n<\/ul>\n<ol>\n<li><a href=\"https:\/\/www.intra-esavl.be\/wp-content\/uploads\/2021\/01\/Support-\u00e9crit-5.pdf\" target=\"_blank\" rel=\"noopener noreferrer\">Support \u00e9crit<\/a><\/li>\n<li><a href=\"https:\/\/www.intra-esavl.be\/wp-content\/uploads\/2021\/01\/Art-abstrait.pdf\" target=\"_blank\" rel=\"noopener noreferrer\">Art abstrait<\/a><\/li>\n<li><a href=\"https:\/\/www.intra-esavl.be\/wp-content\/uploads\/2021\/01\/Art-nouveau-\u00e0-Li\u00e8ge.pdf\" target=\"_blank\" rel=\"noopener noreferrer\">Art nouveau \u00e0 Li\u00e8ge<\/a><\/li>\n<li><a href=\"https:\/\/www.intra-esavl.be\/wp-content\/uploads\/2021\/01\/Art-nouveau.pdf\" target=\"_blank\" rel=\"noopener noreferrer\">Art nouveau<\/a><\/li>\n<li><a href=\"https:\/\/www.intra-esavl.be\/wp-content\/uploads\/2021\/01\/Cubisme.pdf\" target=\"_blank\" rel=\"noopener noreferrer\">Cubisme<\/a><\/li>\n<li><a href=\"https:\/\/www.intra-esavl.be\/wp-content\/uploads\/2021\/01\/Dada.pdf\" target=\"_blank\" rel=\"noopener noreferrer\">Dada<\/a><\/li>\n<li><a href=\"https:\/\/www.intra-esavl.be\/wp-content\/uploads\/2021\/01\/Expressionisme-Introduction.pdf\" target=\"_blank\" rel=\"noopener noreferrer\">Expressionisme &#8211; Introduction<\/a><\/li>\n<li><a href=\"https:\/\/www.intra-esavl.be\/wp-content\/uploads\/2021\/01\/Expressionisme.pdf\" target=\"_blank\" rel=\"noopener noreferrer\">Expressionisme<\/a><\/li>\n<li><a href=\"https:\/\/www.intra-esavl.be\/wp-content\/uploads\/2021\/01\/Fauvisme-\u2013-Vol-de-tableaux.pdf\" target=\"_blank\" rel=\"noopener noreferrer\">Fauvisme \u2013 Vol de tableaux<\/a><\/li>\n<li><a href=\"https:\/\/www.intra-esavl.be\/wp-content\/uploads\/2021\/01\/Fauvisme.pdf\" target=\"_blank\" rel=\"noopener noreferrer\">Fauvisme<\/a><\/li>\n<li><a href=\"https:\/\/www.intra-esavl.be\/wp-content\/uploads\/2021\/01\/Futurisme.pdf\" target=\"_blank\" rel=\"noopener noreferrer\">Futurisme<\/a><\/li>\n<li><a href=\"https:\/\/www.intra-esavl.be\/wp-content\/uploads\/2021\/01\/Nabis.pdf\" target=\"_blank\" rel=\"noopener noreferrer\">Nabis<\/a><\/li>\n<\/ol>\n<ul>\n<li><strong>3\u00e8me Bachelier : Publicit\u00e9 \/ Illustration \/ Bande Dessin\u00e9e<\/strong><\/li>\n<\/ul>\n<p><em><strong>Expressionnisme :<\/strong><\/em><\/p>\n<ol>\n<li><a href=\"https:\/\/www.intra-esavl.be\/wp-content\/uploads\/2021\/01\/Support-\u00e9crit-6.pdf\" target=\"_blank\" rel=\"noopener noreferrer\">Support \u00e9crit<\/a><\/li>\n<li><a href=\"https:\/\/www.intra-esavl.be\/wp-content\/uploads\/2021\/01\/Albert-Speer.pdf\" target=\"_blank\" rel=\"noopener noreferrer\">Albert Speer<\/a><\/li>\n<li><a href=\"https:\/\/www.intra-esavl.be\/wp-content\/uploads\/2021\/01\/Art-D\u00e9g\u00e9n\u00e9r\u00e9.pdf\" target=\"_blank\" rel=\"noopener noreferrer\">Art D\u00e9g\u00e9n\u00e9r\u00e9<\/a><\/li>\n<li><a href=\"https:\/\/www.intra-esavl.be\/wp-content\/uploads\/2021\/01\/Ecole-de-Paris.pdf\" target=\"_blank\" rel=\"noopener noreferrer\">Ecole de Paris<\/a><\/li>\n<li><a href=\"https:\/\/www.intra-esavl.be\/wp-content\/uploads\/2021\/01\/Expressionnisme-flamand.pdf\" target=\"_blank\" rel=\"noopener noreferrer\">Expressionnisme flamand<\/a><\/li>\n<li><a href=\"https:\/\/www.intra-esavl.be\/wp-content\/uploads\/2021\/01\/Expressionnisme-wallon.pdf\" target=\"_blank\" rel=\"noopener noreferrer\">Expressionnisme wallon<\/a><\/li>\n<li><a href=\"https:\/\/www.intra-esavl.be\/wp-content\/uploads\/2021\/01\/Fritz-Lang.pdf\" target=\"_blank\" rel=\"noopener noreferrer\">Fritz Lang<\/a><\/li>\n<li><a href=\"https:\/\/www.intra-esavl.be\/wp-content\/uploads\/2021\/01\/Introduction.pdf\" target=\"_blank\" rel=\"noopener noreferrer\">Introduction<\/a><\/li>\n<\/ol>\n<p><em><strong>Modernisme :<br \/>\n<\/strong><\/em><\/p>\n<ol>\n<li><a href=\"https:\/\/www.intra-esavl.be\/wp-content\/uploads\/2021\/01\/Support-\u00e9crit-6.pdf\" target=\"_blank\" rel=\"noopener noreferrer\">Support \u00e9crit<\/a><\/li>\n<li><a href=\"https:\/\/www.intra-esavl.be\/wp-content\/uploads\/2021\/01\/Art-d\u00e9co-\u00e0-Li\u00e8ge.pdf\" target=\"_blank\" rel=\"noopener noreferrer\">Art d\u00e9co \u00e0 Li\u00e8ge<\/a><\/li>\n<li><a href=\"https:\/\/www.intra-esavl.be\/wp-content\/uploads\/2021\/01\/Art-D\u00e9co.pdf\" target=\"_blank\" rel=\"noopener noreferrer\">Art D\u00e9co<\/a><\/li>\n<li><a href=\"https:\/\/www.intra-esavl.be\/wp-content\/uploads\/2021\/01\/Modernisme-\u00e0-Li\u00e8ge.pdf\" target=\"_blank\" rel=\"noopener noreferrer\">Modernisme \u00e0 Li\u00e8ge<\/a><\/li>\n<li><a href=\"https:\/\/www.intra-esavl.be\/wp-content\/uploads\/2021\/01\/Modernisme-r\u00e9serve.pdf\" target=\"_blank\" rel=\"noopener noreferrer\">Modernisme r\u00e9serve<\/a><\/li>\n<li><a href=\"https:\/\/www.intra-esavl.be\/wp-content\/uploads\/2021\/01\/Modernisme.pdf\" target=\"_blank\" rel=\"noopener noreferrer\">Modernisme<\/a><\/li>\n<\/ol>\n<p><em><strong>Nouvelle Objectivit\u00e9 :<br \/>\n<\/strong><\/em><\/p>\n<ol>\n<li><a href=\"https:\/\/www.intra-esavl.be\/wp-content\/uploads\/2021\/01\/Support-\u00e9crit-6.pdf\" target=\"_blank\" rel=\"noopener noreferrer\">Support \u00e9crit<\/a><\/li>\n<li><a href=\"https:\/\/www.intra-esavl.be\/wp-content\/uploads\/2021\/01\/Nouvelle-Objectivit\u00e9.pdf\" target=\"_blank\" rel=\"noopener noreferrer\">Nouvelle Objectivit\u00e9<\/a><\/li>\n<\/ol>\n<p><strong><em>Surr\u00e9alisme :<br \/>\n<\/em><\/strong><\/p>\n<ol>\n<li><a href=\"https:\/\/www.intra-esavl.be\/wp-content\/uploads\/2021\/01\/Support-\u00e9crit-6.pdf\" target=\"_blank\" rel=\"noopener noreferrer\">Support \u00e9crit<\/a><\/li>\n<li><a href=\"https:\/\/www.intra-esavl.be\/wp-content\/uploads\/2021\/01\/Surr\u00e9alisme.pdf\" target=\"_blank\" rel=\"noopener noreferrer\">Surr\u00e9alisme<\/a><\/li>\n<\/ol>\n<hr \/>\n<p><strong>Support 2\u00e8me quadrimestre<\/strong> : <strong>Histoire et actualit\u00e9 des arts \/ g\u00e9n\u00e9rale<\/strong><\/p>\n<hr \/>\n<ul>\n<li><strong>3\u00e8me Bachelier : Gravure \/ Peinture \/ Sculpture<\/strong><\/li>\n<\/ul>\n<p><em><strong>Modernisme :<br \/>\n<\/strong><\/em><\/p>\n<ol>\n<li><a href=\"https:\/\/www.intra-esavl.be\/wp-content\/uploads\/2021\/01\/Support-\u00e9crit-7.pdf\" target=\"_blank\" rel=\"noopener noreferrer\">Support \u00e9crit<\/a><\/li>\n<li><a href=\"https:\/\/www.intra-esavl.be\/wp-content\/uploads\/2021\/01\/Art-D\u00e9co-\u00e0-Li\u00e8ge.pdf\" target=\"_blank\" rel=\"noopener noreferrer\">Art D\u00e9co \u00e0 Li\u00e8ge<\/a><\/li>\n<li><a href=\"https:\/\/www.intra-esavl.be\/wp-content\/uploads\/2021\/01\/Art-D\u00e9co-1.pdf\" target=\"_blank\" rel=\"noopener noreferrer\">Art D\u00e9co<\/a><\/li>\n<li><a href=\"https:\/\/www.intra-esavl.be\/wp-content\/uploads\/2021\/01\/Modernisme-\u00e0-Li\u00e8ge-1.pdf\" target=\"_blank\" rel=\"noopener noreferrer\">Modernisme \u00e0 Li\u00e8ge<\/a><\/li>\n<li><a href=\"https:\/\/www.intra-esavl.be\/wp-content\/uploads\/2021\/01\/Modernisme-R\u00e9serve.pdf\" target=\"_blank\" rel=\"noopener noreferrer\">Modernisme R\u00e9serve<\/a><\/li>\n<li><a href=\"https:\/\/www.intra-esavl.be\/wp-content\/uploads\/2021\/01\/Modernisme-1.pdf\" target=\"_blank\" rel=\"noopener noreferrer\">Modernisme<\/a><\/li>\n<\/ol>\n<p><em><strong>Surr\u00e9alisme :<br \/>\n<\/strong><\/em><\/p>\n<ol>\n<li><a href=\"https:\/\/www.intra-esavl.be\/wp-content\/uploads\/2021\/01\/Support-\u00e9crit-7.pdf\" target=\"_blank\" rel=\"noopener noreferrer\">Support \u00e9crit<\/a><\/li>\n<li><a href=\"https:\/\/www.intra-esavl.be\/wp-content\/uploads\/2021\/01\/Surr\u00e9alisme-1.pdf\" target=\"_blank\" rel=\"noopener noreferrer\">Surr\u00e9alisme<\/a><\/li>\n<\/ol>\n<ul>\n<li><strong>1\u00e8re Master : Gravure \/ Peinture \/ Sculpture \/ Dessin<\/strong><\/li>\n<\/ul>\n<ol>\n<li><a href=\"https:\/\/www.intra-esavl.be\/wp-content\/uploads\/2021\/01\/Support-\u00e9crit-8.pdf\" target=\"_blank\" rel=\"noopener noreferrer\">Support \u00e9crit<\/a><\/li>\n<li><a href=\"https:\/\/www.intra-esavl.be\/wp-content\/uploads\/2021\/01\/Abstraction-aux-Etats-Unis-1.pdf\" target=\"_blank\" rel=\"noopener noreferrer\">Abstraction aux Etats-Unis<\/a><\/li>\n<li><a href=\"https:\/\/www.intra-esavl.be\/wp-content\/uploads\/2021\/01\/Abstraction-en-Europe-1.pdf\" target=\"_blank\" rel=\"noopener noreferrer\">Abstraction en Europe<\/a><\/li>\n<li><a href=\"https:\/\/www.intra-esavl.be\/wp-content\/uploads\/2021\/01\/Cobra-1.pdf\" target=\"_blank\" rel=\"noopener noreferrer\">Cobra<\/a><\/li>\n<li><a href=\"https:\/\/www.intra-esavl.be\/wp-content\/uploads\/2021\/01\/Pop-Art-1.pdf\" target=\"_blank\" rel=\"noopener noreferrer\">Pop Art<\/a><\/li>\n<\/ol>\n","protected":false},"excerpt":{"rendered":"<p>Contact :\u00a0p.henrion@intra-esavl.be Support 2\u00e8me quadrimestre : Actualit\u00e9s Culturelles \/ cin\u00e9ma 3\u00e8me Bachelier Vid\u00e9ographie Support \u00e9crit Abstraction aux Etats-Unis Abstraction en Europe Cobra Pop Art 1\u00e8re Master Vid\u00e9ographie Support \u00e9crit Abstraction &#8230;<\/p>\n","protected":false},"author":1,"featured_media":0,"parent":2855,"menu_order":0,"comment_status":"closed","ping_status":"closed","template":"","meta":{"footnotes":""},"class_list":["post-2873","page","type-page","status-publish","hentry"],"_links":{"self":[{"href":"https:\/\/www.intra-esavl.be\/index.php\/wp-json\/wp\/v2\/pages\/2873","targetHints":{"allow":["GET"]}}],"collection":[{"href":"https:\/\/www.intra-esavl.be\/index.php\/wp-json\/wp\/v2\/pages"}],"about":[{"href":"https:\/\/www.intra-esavl.be\/index.php\/wp-json\/wp\/v2\/types\/page"}],"author":[{"embeddable":true,"href":"https:\/\/www.intra-esavl.be\/index.php\/wp-json\/wp\/v2\/users\/1"}],"replies":[{"embeddable":true,"href":"https:\/\/www.intra-esavl.be\/index.php\/wp-json\/wp\/v2\/comments?post=2873"}],"version-history":[{"count":9,"href":"https:\/\/www.intra-esavl.be\/index.php\/wp-json\/wp\/v2\/pages\/2873\/revisions"}],"predecessor-version":[{"id":3131,"href":"https:\/\/www.intra-esavl.be\/index.php\/wp-json\/wp\/v2\/pages\/2873\/revisions\/3131"}],"up":[{"embeddable":true,"href":"https:\/\/www.intra-esavl.be\/index.php\/wp-json\/wp\/v2\/pages\/2855"}],"wp:attachment":[{"href":"https:\/\/www.intra-esavl.be\/index.php\/wp-json\/wp\/v2\/media?parent=2873"}],"curies":[{"name":"wp","href":"https:\/\/api.w.org\/{rel}","templated":true}]}}