{"id":5100,"date":"2023-03-24T13:03:47","date_gmt":"2023-03-24T12:03:47","guid":{"rendered":"https:\/\/www.intra-esavl.be\/?page_id=5100"},"modified":"2025-02-26T13:13:24","modified_gmt":"2025-02-26T12:13:24","slug":"conseil-academique","status":"publish","type":"page","link":"https:\/\/www.intra-esavl.be\/index.php\/nos-differents-services\/conseil-academique\/","title":{"rendered":"Conseil acad\u00e9mique"},"content":{"rendered":"<div class=\"grve-section grve-row-section grve-fullwidth-background grve-padding-bottom-3x grve-with-bg-transparent\" data-header-color=\"default\">\n<div class=\"grve-container\">\n<div class=\"grve-row grve-bookmark grve-columns-gap-default grve-mobile-vertical-gap-30\">\n<div class=\"grve-column wpb_column grve-bookmark grve-column-1 grve-with-bg-transparent\">\n<div class=\"grve-column-wrapper\">\n<div class=\"grve-column-content\">\n<h2><span style=\"color: #ffc900;\">Le Conseil acad\u00e9mique<\/span><\/h2>\n<hr \/>\n<h4>Si vous avez d\u00e9j\u00e0 suivi des \u00e9tudes dans l\u2019enseignement sup\u00e9rieur et\/ou vous avez de l\u2019exp\u00e9rience professionnelle \u00e0 valoriser, le conseiller acad\u00e9mique peut vous aider :<\/h4>\n<ul>\n<li>\n<h4>Dans la constitution du programme d\u2019\u00e9tudes (PAE);<\/h4>\n<\/li>\n<li>\n<h4>Pour toute demande de valorisation afin d\u2019obtenir une \u00ab dispense \u00bb;<\/h4>\n<\/li>\n<li>\n<h4>Pour toute demande d\u2019all\u00e8gement du programme d\u2019\u00e9tudes (PAE);<\/h4>\n<\/li>\n<li>\n<h4>\u00c1 choisir une formation ou une option;<\/h4>\n<\/li>\n<li>\n<h4>\u00c1 trouver une formation plus adapt\u00e9e \u00e0 votre projet professionnel<\/h4>\n<\/li>\n<\/ul>\n<hr \/>\n<h4><strong>Contacts<br \/>\n<\/strong><\/h4>\n<hr \/>\n<h4>Bernad Secondini : <a href=\"mailto:b.secondini@intra-esavl.be\"><span style=\"color: #ff0000;\">b.secondini@intra-esavl.be<\/span><\/a><\/h4>\n<\/div>\n<\/div>\n<\/div>\n<\/div>\n<\/div>\n<\/div>\n<div class=\"grve-section grve-row-section grve-fullwidth-background grve-padding-bottom-3x grve-with-bg-transparent\" data-header-color=\"default\">\n<div class=\"grve-container\">\n<div class=\"grve-row grve-bookmark grve-columns-gap-default grve-mobile-vertical-gap-30\">\n<div class=\"grve-column wpb_column grve-bookmark grve-column-1 grve-with-bg-transparent\">\n<div class=\"grve-column-wrapper\">\n<div class=\"grve-column-content\">\n<div class=\"grve-inner-section grve-with-bg-transparent\">\n<div class=\"grve-row-inner grve-bookmark grve-columns-gap-default grve-mobile-vertical-gap-30\">\n<div class=\"grve-column-wrapper-inner\">\n<div class=\"grve-column-inner-content\">\n<div class=\"grve-element grve-text\">\n<h4>Sophie Varetto : <span style=\"color: #ff0000;\"><a style=\"color: #ff0000;\" href=\"mailto:s.varetto@intra-esavl.be\">s.varetto@intra-esavl.be<\/a><\/span><\/h4>\n<\/div>\n<hr \/>\n<h4><strong>Horaires<\/strong><\/h4>\n<\/div>\n<hr \/>\n<h4><strong>Madame Sophie VARETTO :<\/strong><\/h4>\n<ul>\n<li>\n<h4>Lundi : 09h00 \u00e0 15h00 <span style=\"color: #ff0000;\">(site de l\u2019Acad\u00e9mie)<\/span><\/h4>\n<\/li>\n<li>\n<h4>Mercredi : 10h30 \u00e0 13h30 <span style=\"color: #ff0000;\">(site de l\u2019Acad\u00e9mie)<\/span> \u2013 13h30 \u00e0 16h30 <span style=\"color: #ff0000;\">(site du Botanique)<\/span><\/h4>\n<\/li>\n<li>\n<h4>Vendredi : 08h30 \u00e0 14h30 <span style=\"color: #ff0000;\">(site de l\u2019Acad\u00e9mie)<\/span><\/h4>\n<\/li>\n<\/ul>\n<h4><strong>Monsieur Bernard SECONDINI :<\/strong><\/h4>\n<ul>\n<li>\n<h4>Lundi : 10h30 \u00e0 17h30 <span style=\"color: #ff0000;\">(site du Botanique)<\/span><\/h4>\n<\/li>\n<li>\n<h4>Mardi : 10h30 \u00e0 17h30 <span style=\"color: #ff0000;\">(site de l\u2019Acad\u00e9mie)<\/span><\/h4>\n<\/li>\n<li>\n<h4>Jeudi : 10h30 \u00e0 17h30 <span style=\"color: #ff0000;\">(site de l\u2019Acad\u00e9mie)<\/span><\/h4>\n<\/li>\n<li>\n<h4>Vendredi : 11h30 \u00e0 17h30 <span style=\"color: #ff0000;\">(site de l\u2019Acad\u00e9mie)<\/span><\/h4>\n<\/li>\n<\/ul>\n<div class=\"grve-column-inner-content\">\n<div class=\"grve-element grve-text\">\n<p>&nbsp;<\/p>\n<\/div>\n<\/div>\n<\/div>\n<div class=\"grve-column-wrapper-inner\">\n<div class=\"grve-column-inner-content\">\n<div class=\"grve-element grve-text\">\n<p>&nbsp;<\/p>\n<\/div>\n<\/div>\n<\/div>\n<div class=\"grve-column-inner wpb_column grve-column-1-4 grve-with-bg-transparent grve-empty-column\">\n<div class=\"grve-column-wrapper-inner\">\n<h4 class=\"grve-column-inner-content\"><\/h4>\n<\/div>\n<\/div>\n<\/div>\n<\/div>\n<\/div>\n<\/div>\n<\/div>\n<\/div>\n<\/div>\n<\/div>\n","protected":false},"excerpt":{"rendered":"<p>Le Conseil acad\u00e9mique Si vous avez d\u00e9j\u00e0 suivi des \u00e9tudes dans l\u2019enseignement sup\u00e9rieur et\/ou vous avez de l\u2019exp\u00e9rience professionnelle \u00e0 valoriser, le conseiller acad\u00e9mique peut vous aider : Dans la &#8230;<\/p>\n","protected":false},"author":1,"featured_media":0,"parent":2023,"menu_order":0,"comment_status":"closed","ping_status":"closed","template":"","meta":{"footnotes":""},"class_list":["post-5100","page","type-page","status-publish","hentry"],"_links":{"self":[{"href":"https:\/\/www.intra-esavl.be\/index.php\/wp-json\/wp\/v2\/pages\/5100","targetHints":{"allow":["GET"]}}],"collection":[{"href":"https:\/\/www.intra-esavl.be\/index.php\/wp-json\/wp\/v2\/pages"}],"about":[{"href":"https:\/\/www.intra-esavl.be\/index.php\/wp-json\/wp\/v2\/types\/page"}],"author":[{"embeddable":true,"href":"https:\/\/www.intra-esavl.be\/index.php\/wp-json\/wp\/v2\/users\/1"}],"replies":[{"embeddable":true,"href":"https:\/\/www.intra-esavl.be\/index.php\/wp-json\/wp\/v2\/comments?post=5100"}],"version-history":[{"count":9,"href":"https:\/\/www.intra-esavl.be\/index.php\/wp-json\/wp\/v2\/pages\/5100\/revisions"}],"predecessor-version":[{"id":6321,"href":"https:\/\/www.intra-esavl.be\/index.php\/wp-json\/wp\/v2\/pages\/5100\/revisions\/6321"}],"up":[{"embeddable":true,"href":"https:\/\/www.intra-esavl.be\/index.php\/wp-json\/wp\/v2\/pages\/2023"}],"wp:attachment":[{"href":"https:\/\/www.intra-esavl.be\/index.php\/wp-json\/wp\/v2\/media?parent=5100"}],"curies":[{"name":"wp","href":"https:\/\/api.w.org\/{rel}","templated":true}]}}

Conseil académique

<div class="grve-section grve-row-section grve-fullwidth-background grve-padding-bottom-3x grve-with-bg-transparent" data-header-color="default">
<div class="grve-container">
<div class="grve-row grve-bookmark grve-columns-gap-default grve-mobile-vertical-gap-30">
<div class="grve-column wpb_column grve-bookmark grve-column-1 grve-with-bg-transparent">
<div class="grve-column-wrapper">
<div class="grve-column-content">
<h2><span style="color: #ffc900;">Le Conseil académique</span></h2>
<hr />
<h4>Si vous avez déjà suivi des études dans l’enseignement supérieur et/ou vous avez de l’expérience professionnelle à valoriser, le conseiller académique peut vous aider :</h4>
<ul>
<li>
<h4>Dans la constitution du programme d’études (PAE);</h4>
</li>
<li>
<h4>Pour toute demande de valorisation afin d’obtenir une « dispense »;</h4>
</li>
<li>
<h4>Pour toute demande d’allègement du programme d’études (PAE);</h4>
</li>
<li>
<h4>Á choisir une formation ou une option;</h4>
</li>
<li>
<h4>Á trouver une formation plus adaptée à votre projet professionnel</h4>
</li>
</ul>
<hr />
<h4><strong>Contacts<br />
</strong></h4>
<hr />
<h4>Bernad Secondini : <a href="mailto:b.secondini@intra-esavl.be"><span style="color: #ff0000;">b.secondini@intra-esavl.be</span></a></h4>
</div>
</div>
</div>
</div>
</div>
</div>
<div class="grve-section grve-row-section grve-fullwidth-background grve-padding-bottom-3x grve-with-bg-transparent" data-header-color="default">
<div class="grve-container">
<div class="grve-row grve-bookmark grve-columns-gap-default grve-mobile-vertical-gap-30">
<div class="grve-column wpb_column grve-bookmark grve-column-1 grve-with-bg-transparent">
<div class="grve-column-wrapper">
<div class="grve-column-content">
<div class="grve-inner-section grve-with-bg-transparent">
<div class="grve-row-inner grve-bookmark grve-columns-gap-default grve-mobile-vertical-gap-30">
<div class="grve-column-wrapper-inner">
<div class="grve-column-inner-content">
<div class="grve-element grve-text">
<h4>Sophie Varetto : <span style="color: #ff0000;"><a style="color: #ff0000;" href="mailto:s.varetto@intra-esavl.be">s.varetto@intra-esavl.be</a></span></h4>
</div>
<hr />
<h4><strong>Horaires</strong></h4>
</div>
<hr />
<h4><strong>Madame Sophie VARETTO :</strong></h4>
<ul>
<li>
<h4>Lundi : 09h00 à 15h00 <span style="color: #ff0000;">(site de l’Académie)</span></h4>
</li>
<li>
<h4>Mercredi : 10h30 à 13h30 <span style="color: #ff0000;">(site de l’Académie)</span> – 13h30 à 16h30 <span style="color: #ff0000;">(site du Botanique)</span></h4>
</li>
<li>
<h4>Vendredi : 08h30 à 14h30 <span style="color: #ff0000;">(site de l’Académie)</span></h4>
</li>
</ul>
<h4><strong>Monsieur Bernard SECONDINI :</strong></h4>
<ul>
<li>
<h4>Lundi : 10h30 à 17h30 <span style="color: #ff0000;">(site du Botanique)</span></h4>
</li>
<li>
<h4>Mardi : 10h30 à 17h30 <span style="color: #ff0000;">(site de l’Académie)</span></h4>
</li>
<li>
<h4>Jeudi : 10h30 à 17h30 <span style="color: #ff0000;">(site de l’Académie)</span></h4>
</li>
<li>
<h4>Vendredi : 11h30 à 17h30 <span style="color: #ff0000;">(site de l’Académie)</span></h4>
</li>
</ul>
<div class="grve-column-inner-content">
<div class="grve-element grve-text">
<p>&nbsp;</p>
</div>
</div>
</div>
<div class="grve-column-wrapper-inner">
<div class="grve-column-inner-content">
<div class="grve-element grve-text">
<p>&nbsp;</p>
</div>
</div>
</div>
<div class="grve-column-inner wpb_column grve-column-1-4 grve-with-bg-transparent grve-empty-column">
<div class="grve-column-wrapper-inner">
<h4 class="grve-column-inner-content"></h4>
</div>
</div>
</div>
</div>
</div>
</div>
</div>
</div>
</div>
</div>

<p>Le Conseil académique Si vous avez déjà suivi des études dans l’enseignement supérieur et/ou vous avez de l’expérience professionnelle à valoriser, le conseiller académique peut vous aider : Dans la &#8230;</p>
