{"id":5131,"date":"2023-03-24T13:27:25","date_gmt":"2023-03-24T12:27:25","guid":{"rendered":"https:\/\/www.intra-esavl.be\/?page_id=5131"},"modified":"2024-09-13T08:50:17","modified_gmt":"2024-09-13T06:50:17","slug":"bourses-et-allocations-fwb","status":"publish","type":"page","link":"https:\/\/www.intra-esavl.be\/index.php\/nos-differents-services\/bourses-et-allocations-fwb\/","title":{"rendered":"Bourses et allocations FWB"},"content":{"rendered":"<h2><span style=\"color: #ffc900;\">Bourses et allocations en F\u00e9d\u00e9ration Wallonie-Bruxelles<\/span><\/h2>\n<hr \/>\n<h3><strong>Comment obtenir une allocation d&rsquo;\u00e9tudes pour l&rsquo;enseignement sup\u00e9rieur ?<\/strong><\/h3>\n<h4>Pour obtenir une allocation, vous devez en faire la demande. Le formulaire de demande peut \u00eatre introduit de mani\u00e8re \u00e9lectronique en cliquant sur <a href=\"https:\/\/allocations-etudes.cfwb.be\/etudes-superieures\" target=\"_blank\" rel=\"noopener\">ce lien<\/a> ou par courrier postal \u00e0 partir de juillet et jusqu\u2019au 31 octobre de l&rsquo;ann\u00e9e acad\u00e9mique concern\u00e9e.<\/h4>\n<h4>La demande doit \u00eatre r\u00e9introduite \u00e0 chaque nouvelle ann\u00e9e acad\u00e9mique.<\/h4>\n<h4>Vous pouvez acc\u00e9der au formulaire de demande en cliquant sur <a href=\"https:\/\/allocations-etudes.cfwb.be\/\" target=\"_blank\" rel=\"noopener\"><span style=\"color: #ff0000;\">ce lien<\/span><\/a><\/h4>\n<hr \/>\n<h3><strong>Une fois ma demande introduite, que dois-je faire?<\/strong><\/h3>\n<h4>Une fois la demande envoy\u00e9e, vous recevrez un accus\u00e9 de r\u00e9ception avec un num\u00e9ro de dossier. Veuillez d\u00e9poser <u>une copie de l\u2019accus\u00e9 de r\u00e9ception<\/u> aupr\u00e8s de Monsieur Bertrand (secr\u00e9tariat des professeurs) ou l&rsquo;envoyer par mail \u00e0 l&rsquo;adresse : <a href=\"mailto:am.bertrand@intra-esavl.be\"><span style=\"color: #ff0000;\">am.bertrand@intra-esavl.be<\/span><\/a>.<\/h4>\n<h4>Lorsque vous aurez la r\u00e9ponse d\u00e9finitive, veuillez \u00e9galement l&rsquo;envoyer ou la d\u00e9poser \u00e0 Monsieur Bertrand.<\/h4>\n<h4><span style=\"color: #ff0000;\"><strong><u>! ATTENTION\u00a0!<\/u><\/strong><\/span><\/h4>\n<h4><strong>Ne rien payer du minerval et des frais d\u2019infrastructure et administratifs si vous faites une demande de bourse. Attendre la r\u00e9ponse de la F\u00e9d\u00e9ration Wallonie-Bruxelles.<\/strong><\/h4>\n<h4>Si votre demande de bourse est refus\u00e9e, <span style=\"color: #ff0000;\">vous aurez un mois de d\u00e9lai pour payer la totalit\u00e9 du minerval \u00e0 partir de la date notification de refus.<\/span><\/h4>\n","protected":false},"excerpt":{"rendered":"<p>Bourses et allocations en F\u00e9d\u00e9ration Wallonie-Bruxelles Comment obtenir une allocation d&rsquo;\u00e9tudes pour l&rsquo;enseignement sup\u00e9rieur ? Pour obtenir une allocation, vous devez en faire la demande. Le formulaire de demande peut &#8230;<\/p>\n","protected":false},"author":1,"featured_media":0,"parent":2023,"menu_order":0,"comment_status":"closed","ping_status":"closed","template":"","meta":{"footnotes":""},"class_list":["post-5131","page","type-page","status-publish","hentry"],"_links":{"self":[{"href":"https:\/\/www.intra-esavl.be\/index.php\/wp-json\/wp\/v2\/pages\/5131","targetHints":{"allow":["GET"]}}],"collection":[{"href":"https:\/\/www.intra-esavl.be\/index.php\/wp-json\/wp\/v2\/pages"}],"about":[{"href":"https:\/\/www.intra-esavl.be\/index.php\/wp-json\/wp\/v2\/types\/page"}],"author":[{"embeddable":true,"href":"https:\/\/www.intra-esavl.be\/index.php\/wp-json\/wp\/v2\/users\/1"}],"replies":[{"embeddable":true,"href":"https:\/\/www.intra-esavl.be\/index.php\/wp-json\/wp\/v2\/comments?post=5131"}],"version-history":[{"count":11,"href":"https:\/\/www.intra-esavl.be\/index.php\/wp-json\/wp\/v2\/pages\/5131\/revisions"}],"predecessor-version":[{"id":6066,"href":"https:\/\/www.intra-esavl.be\/index.php\/wp-json\/wp\/v2\/pages\/5131\/revisions\/6066"}],"up":[{"embeddable":true,"href":"https:\/\/www.intra-esavl.be\/index.php\/wp-json\/wp\/v2\/pages\/2023"}],"wp:attachment":[{"href":"https:\/\/www.intra-esavl.be\/index.php\/wp-json\/wp\/v2\/media?parent=5131"}],"curies":[{"name":"wp","href":"https:\/\/api.w.org\/{rel}","templated":true}]}}

<h2><span style="color: #ffc900;">Bourses et allocations en Fédération Wallonie-Bruxelles</span></h2>
<hr />
<h3><strong>Comment obtenir une allocation d&rsquo;études pour l&rsquo;enseignement supérieur ?</strong></h3>
<h4>Pour obtenir une allocation, vous devez en faire la demande. Le formulaire de demande peut être introduit de manière électronique en cliquant sur <a href="https://allocations-etudes.cfwb.be/etudes-superieures" target="_blank" rel="noopener">ce lien</a> ou par courrier postal à partir de juillet et jusqu’au 31 octobre de l&rsquo;année académique concernée.</h4>
<h4>La demande doit être réintroduite à chaque nouvelle année académique.</h4>
<h4>Vous pouvez accéder au formulaire de demande en cliquant sur <a href="https://allocations-etudes.cfwb.be/" target="_blank" rel="noopener"><span style="color: #ff0000;">ce lien</span></a></h4>
<hr />
<h3><strong>Une fois ma demande introduite, que dois-je faire?</strong></h3>
<h4>Une fois la demande envoyée, vous recevrez un accusé de réception avec un numéro de dossier. Veuillez déposer <u>une copie de l’accusé de réception</u> auprès de Monsieur Bertrand (secrétariat des professeurs) ou l&rsquo;envoyer par mail à l&rsquo;adresse : <a href="mailto:am.bertrand@intra-esavl.be"><span style="color: #ff0000;">am.bertrand@intra-esavl.be</span></a>.</h4>
<h4>Lorsque vous aurez la réponse définitive, veuillez également l&rsquo;envoyer ou la déposer à Monsieur Bertrand.</h4>
<h4><span style="color: #ff0000;"><strong><u>! ATTENTION !</u></strong></span></h4>
<h4><strong>Ne rien payer du minerval et des frais d’infrastructure et administratifs si vous faites une demande de bourse. Attendre la réponse de la Fédération Wallonie-Bruxelles.</strong></h4>
<h4>Si votre demande de bourse est refusée, <span style="color: #ff0000;">vous aurez un mois de délai pour payer la totalité du minerval à partir de la date notification de refus.</span></h4>

<p>Bourses et allocations en Fédération Wallonie-Bruxelles Comment obtenir une allocation d&rsquo;études pour l&rsquo;enseignement supérieur ? Pour obtenir une allocation, vous devez en faire la demande. Le formulaire de demande peut &#8230;</p>
