{"id":5135,"date":"2023-03-24T13:28:19","date_gmt":"2023-03-24T12:28:19","guid":{"rendered":"https:\/\/www.intra-esavl.be\/?page_id=5135"},"modified":"2025-09-30T12:11:28","modified_gmt":"2025-09-30T10:11:28","slug":"petite-epicerie","status":"publish","type":"page","link":"https:\/\/www.intra-esavl.be\/index.php\/nos-differents-services\/petite-epicerie\/","title":{"rendered":"Epicerie le Kotidien"},"content":{"rendered":"\t\t<div data-elementor-type=\"wp-page\" data-elementor-id=\"5135\" class=\"elementor elementor-5135\">\n\t\t\t\t\t\t<section class=\"elementor-section elementor-top-section elementor-element elementor-element-65cec312 elementor-section-boxed elementor-section-height-default elementor-section-height-default\" data-id=\"65cec312\" data-element_type=\"section\" data-e-type=\"section\">\n\t\t\t\t\t\t<div class=\"elementor-container elementor-column-gap-default\">\n\t\t\t\t\t<div class=\"elementor-column elementor-col-100 elementor-top-column elementor-element elementor-element-24c9985\" data-id=\"24c9985\" data-element_type=\"column\" data-e-type=\"column\">\n\t\t\t<div class=\"elementor-widget-wrap elementor-element-populated\">\n\t\t\t\t\t\t<div class=\"elementor-element elementor-element-143169bb elementor-widget elementor-widget-text-editor\" data-id=\"143169bb\" data-element_type=\"widget\" data-e-type=\"widget\" data-widget_type=\"text-editor.default\">\n\t\t\t\t<div class=\"elementor-widget-container\">\n\t\t\t\t\t\t\t\t\t<h4><span style=\"color: #ffc90d;\">Epicerie solidaire &#8211; Le Kotidien<\/span><\/h4><hr \/><h4>Depuis janvier 2023, les Beaux-Arts de Li\u00e8ge sont affili\u00e9s au Kotidien, l\u2019\u00e9picerie solidaire \u00e9tudiante du P\u00f4le acad\u00e9mique Li\u00e8ge-Luxembourg.<\/h4><h4>Si vous traversez financi\u00e8rement une p\u00e9riode d\u00e9licate, Le Kotidien vous propose une solution solidaire qui vous permettra d\u2019obtenir des produits de consommation courante (alimentaires et sanitaires) gratuitement ou \u00e0 un prix inf\u00e9rieur \u00e0 celui du march\u00e9.<\/h4><h4>Afin de b\u00e9n\u00e9ficier de cette aide, rendez-vous sur place muni de votre carte \u00e9tudiant(e). Lors de votre inscription, il vous sera demand\u00e9 de signer une d\u00e9claration sur l\u2019honneur attestant d\u2019une situation difficile.<\/h4><hr \/><h4><strong>Adresse<\/strong>\u00a0: Rue des Clarisses, 28 -4000 Li\u00e8ge.<br \/><strong>Horaires<\/strong> : Ouvert les lundi, mercredi et vendredi de 17h\u00a0\u00e0 19h.<br \/><strong>Contact <\/strong>:\u00a0Olivier Renaud &#8211; olivier.renaud@polell.be<\/h4><h4>Leur site : <a href=\"https:\/\/poleliegelux.be\/fr\/lekotidien\">cliquez ici<\/a><\/h4><h4><span style=\"color: #534d46; arial, 'sans-serif'; font-size: 16px;\">Suivez Le Kotidien sur\u00a0\u00a0<\/span><a style=\"background-color: #ffffff; color: #ac8f1c; font-family: Corbel, Arial, 'sans-serif'; font-size: 16px;\" href=\"https:\/\/www.facebook.com\/lekotidienliege\" data-entity-type=\"\" data-entity-uuid=\"\"><img decoding=\"async\" style=\"border-width: 0px; border-style: initial;\" src=\"https:\/\/poleliegelux.be\/sites\/default\/files\/cms\/facebook-noir-rond.png\" alt=\"facebook-noir-rond.png\" width=\"29\" height=\"29\" \/><\/a><span style=\"color: #534d46; font-family: Corbel, Arial, 'sans-serif'; font-size: 16px;\">\u00a0\u00a0<\/span><a style=\"background-color: #ffffff; color: #ac8f1c; font-family: Corbel, Arial, 'sans-serif'; font-size: 16px;\" href=\"https:\/\/www.instagram.com\/le.kotidien\/\" data-entity-type=\"\" data-entity-uuid=\"\"><img decoding=\"async\" style=\"border-width: 0px; border-style: initial;\" src=\"https:\/\/poleliegelux.be\/sites\/default\/files\/cms\/instagram-noir-rond.png\" alt=\"instagram-noir-rond.png\" width=\"32\" height=\"32\" \/><\/a><\/h4><hr \/>\t\t\t\t\t\t\t\t<\/div>\n\t\t\t\t<\/div>\n\t\t\t\t\t<\/div>\n\t\t<\/div>\n\t\t\t\t\t<\/div>\n\t\t<\/section>\n\t\t\t\t<section class=\"elementor-section elementor-top-section elementor-element elementor-element-07b0428 elementor-section-boxed elementor-section-height-default elementor-section-height-default\" data-id=\"07b0428\" data-element_type=\"section\" data-e-type=\"section\">\n\t\t\t\t\t\t<div class=\"elementor-container elementor-column-gap-default\">\n\t\t\t\t\t<div class=\"elementor-column elementor-col-100 elementor-top-column elementor-element elementor-element-1790527\" data-id=\"1790527\" data-element_type=\"column\" data-e-type=\"column\">\n\t\t\t<div class=\"elementor-widget-wrap elementor-element-populated\">\n\t\t\t\t\t\t<div class=\"elementor-element elementor-element-aac4f37 elementor-widget elementor-widget-image\" data-id=\"aac4f37\" data-element_type=\"widget\" data-e-type=\"widget\" data-widget_type=\"image.default\">\n\t\t\t\t<div class=\"elementor-widget-container\">\n\t\t\t\t\t\t\t\t\t\t\t\t\t\t\t<img fetchpriority=\"high\" decoding=\"async\" width=\"724\" height=\"1024\" src=\"https:\/\/www.intra-esavl.be\/wp-content\/uploads\/2025\/09\/LeKotidien-PresentationEtudiant-onepage-724x1024.png\" class=\"attachment-large size-large wp-image-6598\" alt=\"\" srcset=\"https:\/\/www.intra-esavl.be\/wp-content\/uploads\/2025\/09\/LeKotidien-PresentationEtudiant-onepage-724x1024.png 724w, https:\/\/www.intra-esavl.be\/wp-content\/uploads\/2025\/09\/LeKotidien-PresentationEtudiant-onepage-212x300.png 212w, https:\/\/www.intra-esavl.be\/wp-content\/uploads\/2025\/09\/LeKotidien-PresentationEtudiant-onepage-768x1086.png 768w, https:\/\/www.intra-esavl.be\/wp-content\/uploads\/2025\/09\/LeKotidien-PresentationEtudiant-onepage-1086x1536.png 1086w, https:\/\/www.intra-esavl.be\/wp-content\/uploads\/2025\/09\/LeKotidien-PresentationEtudiant-onepage-1448x2048.png 1448w, https:\/\/www.intra-esavl.be\/wp-content\/uploads\/2025\/09\/LeKotidien-PresentationEtudiant-onepage.png 1654w\" sizes=\"(max-width: 724px) 100vw, 724px\" \/>\t\t\t\t\t\t\t\t\t\t\t\t\t\t\t<\/div>\n\t\t\t\t<\/div>\n\t\t\t\t\t<\/div>\n\t\t<\/div>\n\t\t\t\t\t<\/div>\n\t\t<\/section>\n\t\t\t\t<\/div>\n\t\t","protected":false},"excerpt":{"rendered":"<p>Epicerie solidaire &#8211; Le Kotidien Depuis janvier 2023, les Beaux-Arts de Li\u00e8ge sont affili\u00e9s au Kotidien, l\u2019\u00e9picerie solidaire \u00e9tudiante du P\u00f4le acad\u00e9mique Li\u00e8ge-Luxembourg. Si vous traversez financi\u00e8rement une p\u00e9riode d\u00e9licate, &#8230;<\/p>\n","protected":false},"author":1,"featured_media":0,"parent":2023,"menu_order":0,"comment_status":"closed","ping_status":"closed","template":"","meta":{"footnotes":""},"class_list":["post-5135","page","type-page","status-publish","hentry"],"_links":{"self":[{"href":"https:\/\/www.intra-esavl.be\/index.php\/wp-json\/wp\/v2\/pages\/5135","targetHints":{"allow":["GET"]}}],"collection":[{"href":"https:\/\/www.intra-esavl.be\/index.php\/wp-json\/wp\/v2\/pages"}],"about":[{"href":"https:\/\/www.intra-esavl.be\/index.php\/wp-json\/wp\/v2\/types\/page"}],"author":[{"embeddable":true,"href":"https:\/\/www.intra-esavl.be\/index.php\/wp-json\/wp\/v2\/users\/1"}],"replies":[{"embeddable":true,"href":"https:\/\/www.intra-esavl.be\/index.php\/wp-json\/wp\/v2\/comments?post=5135"}],"version-history":[{"count":28,"href":"https:\/\/www.intra-esavl.be\/index.php\/wp-json\/wp\/v2\/pages\/5135\/revisions"}],"predecessor-version":[{"id":6633,"href":"https:\/\/www.intra-esavl.be\/index.php\/wp-json\/wp\/v2\/pages\/5135\/revisions\/6633"}],"up":[{"embeddable":true,"href":"https:\/\/www.intra-esavl.be\/index.php\/wp-json\/wp\/v2\/pages\/2023"}],"wp:attachment":[{"href":"https:\/\/www.intra-esavl.be\/index.php\/wp-json\/wp\/v2\/media?parent=5135"}],"curies":[{"name":"wp","href":"https:\/\/api.w.org\/{rel}","templated":true}]}}

<div data-elementor-type="wp-page" data-elementor-id="5135" class="elementor elementor-5135">
						<section class="elementor-section elementor-top-section elementor-element elementor-element-65cec312 elementor-section-boxed elementor-section-height-default elementor-section-height-default" data-id="65cec312" data-element_type="section" data-e-type="section">
						<div class="elementor-container elementor-column-gap-default">
					<div class="elementor-column elementor-col-100 elementor-top-column elementor-element elementor-element-24c9985" data-id="24c9985" data-element_type="column" data-e-type="column">
			<div class="elementor-widget-wrap elementor-element-populated">
						<div class="elementor-element elementor-element-143169bb elementor-widget elementor-widget-text-editor" data-id="143169bb" data-element_type="widget" data-e-type="widget" data-widget_type="text-editor.default">
				<div class="elementor-widget-container">
									<h4><span style="color: #ffc90d;">Epicerie solidaire &#8211; Le Kotidien</span></h4><hr /><h4>Depuis janvier 2023, les Beaux-Arts de Liège sont affiliés au Kotidien, l’épicerie solidaire étudiante du Pôle académique Liège-Luxembourg.</h4><h4>Si vous traversez financièrement une période délicate, Le Kotidien vous propose une solution solidaire qui vous permettra d’obtenir des produits de consommation courante (alimentaires et sanitaires) gratuitement ou à un prix inférieur à celui du marché.</h4><h4>Afin de bénéficier de cette aide, rendez-vous sur place muni de votre carte étudiant(e). Lors de votre inscription, il vous sera demandé de signer une déclaration sur l’honneur attestant d’une situation difficile.</h4><hr /><h4><strong>Adresse</strong> : Rue des Clarisses, 28 -4000 Liège.<br /><strong>Horaires</strong> : Ouvert les lundi, mercredi et vendredi de 17h à 19h.<br /><strong>Contact </strong>: Olivier Renaud &#8211; olivier.renaud@polell.be</h4><h4>Leur site : <a href="https://poleliegelux.be/fr/lekotidien">cliquez ici</a></h4><h4><span style="color: #534d46; arial, 'sans-serif'; font-size: 16px;">Suivez Le Kotidien sur  </span><a style="background-color: #ffffff; color: #ac8f1c; font-family: Corbel, Arial, 'sans-serif'; font-size: 16px;" href="https://www.facebook.com/lekotidienliege" data-entity-type="" data-entity-uuid=""><img decoding="async" style="border-width: 0px; border-style: initial;" src="https://poleliegelux.be/sites/default/files/cms/facebook-noir-rond.png" alt="facebook-noir-rond.png" width="29" height="29" /></a><span style="color: #534d46; font-family: Corbel, Arial, 'sans-serif'; font-size: 16px;">  </span><a style="background-color: #ffffff; color: #ac8f1c; font-family: Corbel, Arial, 'sans-serif'; font-size: 16px;" href="https://www.instagram.com/le.kotidien/" data-entity-type="" data-entity-uuid=""><img decoding="async" style="border-width: 0px; border-style: initial;" src="https://poleliegelux.be/sites/default/files/cms/instagram-noir-rond.png" alt="instagram-noir-rond.png" width="32" height="32" /></a></h4><hr />								</div>
				</div>
					</div>
		</div>
					</div>
		</section>
				<section class="elementor-section elementor-top-section elementor-element elementor-element-07b0428 elementor-section-boxed elementor-section-height-default elementor-section-height-default" data-id="07b0428" data-element_type="section" data-e-type="section">
						<div class="elementor-container elementor-column-gap-default">
					<div class="elementor-column elementor-col-100 elementor-top-column elementor-element elementor-element-1790527" data-id="1790527" data-element_type="column" data-e-type="column">
			<div class="elementor-widget-wrap elementor-element-populated">
						<div class="elementor-element elementor-element-aac4f37 elementor-widget elementor-widget-image" data-id="aac4f37" data-element_type="widget" data-e-type="widget" data-widget_type="image.default">
				<div class="elementor-widget-container">
															<img fetchpriority="high" decoding="async" width="724" height="1024" src="https://www.intra-esavl.be/wp-content/uploads/2025/09/LeKotidien-PresentationEtudiant-onepage-724x1024.png" class="attachment-large size-large wp-image-6598" alt="" srcset="https://www.intra-esavl.be/wp-content/uploads/2025/09/LeKotidien-PresentationEtudiant-onepage-724x1024.png 724w, https://www.intra-esavl.be/wp-content/uploads/2025/09/LeKotidien-PresentationEtudiant-onepage-212x300.png 212w, https://www.intra-esavl.be/wp-content/uploads/2025/09/LeKotidien-PresentationEtudiant-onepage-768x1086.png 768w, https://www.intra-esavl.be/wp-content/uploads/2025/09/LeKotidien-PresentationEtudiant-onepage-1086x1536.png 1086w, https://www.intra-esavl.be/wp-content/uploads/2025/09/LeKotidien-PresentationEtudiant-onepage-1448x2048.png 1448w, https://www.intra-esavl.be/wp-content/uploads/2025/09/LeKotidien-PresentationEtudiant-onepage.png 1654w" sizes="(max-width: 724px) 100vw, 724px" />															</div>
				</div>
					</div>
		</div>
					</div>
		</section>
				</div>

<p>Epicerie solidaire &#8211; Le Kotidien Depuis janvier 2023, les Beaux-Arts de Liège sont affiliés au Kotidien, l’épicerie solidaire étudiante du Pôle académique Liège-Luxembourg. Si vous traversez financièrement une période délicate, &#8230;</p>
