{"id":5153,"date":"2023-03-24T13:35:37","date_gmt":"2023-03-24T12:35:37","guid":{"rendered":"https:\/\/www.intra-esavl.be\/?page_id=5153"},"modified":"2024-09-03T13:42:13","modified_gmt":"2024-09-03T11:42:13","slug":"charte-discrimination","status":"publish","type":"page","link":"https:\/\/www.intra-esavl.be\/index.php\/nos-differents-services\/charte-discrimination\/","title":{"rendered":"Charte discrimination"},"content":{"rendered":"<h2><span style=\"color: #ffc900;\">Charte de pr\u00e9vention et de lutte contre les discriminations, le harc\u00e8lement et toutes formes de violences et d&rsquo;abus.<\/span><\/h2>\n<hr \/>\n<h4><span style=\"color: #000000;\">Notre Institution a adopt\u00e9 une charte afin de lutter contre les discriminations, le harc\u00e8lement et toute forme de violence et d&rsquo;abus. Elle concerne tant les professeurs, que les \u00e9tudiant(e)s et le personnel d&rsquo;encadrement, administratif et technique.<br \/>\n<\/span><\/h4>\n<h4>Vous trouverez le document en cliquant sur <span style=\"color: #ff0000;\"><a style=\"color: #ff0000;\" href=\"https:\/\/www.intra-esavl.be\/wp-content\/uploads\/2024\/09\/Charte-discriminations.pdf\" target=\"_blank\" rel=\"noopener\">ce lien.<\/a><\/span><\/h4>\n","protected":false},"excerpt":{"rendered":"<p>Charte de pr\u00e9vention et de lutte contre les discriminations, le harc\u00e8lement et toutes formes de violences et d&rsquo;abus. Notre Institution a adopt\u00e9 une charte afin de lutter contre les discriminations, &#8230;<\/p>\n","protected":false},"author":1,"featured_media":0,"parent":2023,"menu_order":0,"comment_status":"closed","ping_status":"closed","template":"","meta":{"footnotes":""},"class_list":["post-5153","page","type-page","status-publish","hentry"],"_links":{"self":[{"href":"https:\/\/www.intra-esavl.be\/index.php\/wp-json\/wp\/v2\/pages\/5153","targetHints":{"allow":["GET"]}}],"collection":[{"href":"https:\/\/www.intra-esavl.be\/index.php\/wp-json\/wp\/v2\/pages"}],"about":[{"href":"https:\/\/www.intra-esavl.be\/index.php\/wp-json\/wp\/v2\/types\/page"}],"author":[{"embeddable":true,"href":"https:\/\/www.intra-esavl.be\/index.php\/wp-json\/wp\/v2\/users\/1"}],"replies":[{"embeddable":true,"href":"https:\/\/www.intra-esavl.be\/index.php\/wp-json\/wp\/v2\/comments?post=5153"}],"version-history":[{"count":8,"href":"https:\/\/www.intra-esavl.be\/index.php\/wp-json\/wp\/v2\/pages\/5153\/revisions"}],"predecessor-version":[{"id":5974,"href":"https:\/\/www.intra-esavl.be\/index.php\/wp-json\/wp\/v2\/pages\/5153\/revisions\/5974"}],"up":[{"embeddable":true,"href":"https:\/\/www.intra-esavl.be\/index.php\/wp-json\/wp\/v2\/pages\/2023"}],"wp:attachment":[{"href":"https:\/\/www.intra-esavl.be\/index.php\/wp-json\/wp\/v2\/media?parent=5153"}],"curies":[{"name":"wp","href":"https:\/\/api.w.org\/{rel}","templated":true}]}}

<h2><span style="color: #ffc900;">Charte de prévention et de lutte contre les discriminations, le harcèlement et toutes formes de violences et d&rsquo;abus.</span></h2>
<hr />
<h4><span style="color: #000000;">Notre Institution a adopté une charte afin de lutter contre les discriminations, le harcèlement et toute forme de violence et d&rsquo;abus. Elle concerne tant les professeurs, que les étudiant(e)s et le personnel d&rsquo;encadrement, administratif et technique.<br />
</span></h4>
<h4>Vous trouverez le document en cliquant sur <span style="color: #ff0000;"><a style="color: #ff0000;" href="https://www.intra-esavl.be/wp-content/uploads/2024/09/Charte-discriminations.pdf" target="_blank" rel="noopener">ce lien.</a></span></h4>

<p>Charte de prévention et de lutte contre les discriminations, le harcèlement et toutes formes de violences et d&rsquo;abus. Notre Institution a adopté une charte afin de lutter contre les discriminations, &#8230;</p>
